Last updated on 2025-01-26 02:49:12 CET.
Flavor | Version | Tinstall | Tcheck | Ttotal | Status | Flags |
---|---|---|---|---|---|---|
r-devel-linux-x86_64-debian-clang | 0.1.3 | 4.60 | 55.08 | 59.68 | NOTE | |
r-devel-linux-x86_64-debian-gcc | 0.1.3 | 2.78 | 40.86 | 43.64 | NOTE | |
r-devel-linux-x86_64-fedora-clang | 0.1.3 | 98.04 | OK | |||
r-devel-linux-x86_64-fedora-gcc | 0.1.3 | 109.46 | NOTE | |||
r-devel-windows-x86_64 | 0.1.3 | 6.00 | 75.00 | 81.00 | OK | |
r-patched-linux-x86_64 | 0.1.3 | 3.62 | 51.63 | 55.25 | OK | |
r-release-linux-x86_64 | 0.1.3 | 3.62 | 51.53 | 55.15 | OK | |
r-release-macos-arm64 | 0.1.3 | 40.00 | OK | |||
r-release-macos-x86_64 | 0.1.3 | 67.00 | OK | |||
r-release-windows-x86_64 | 0.1.3 | 6.00 | 73.00 | 79.00 | OK | |
r-oldrel-macos-arm64 | 0.1.3 | 41.00 | OK | |||
r-oldrel-macos-x86_64 | 0.1.3 | 120.00 | OK | |||
r-oldrel-windows-x86_64 | 0.1.3 | 7.00 | 86.00 | 93.00 | OK |
Version: 0.1.3
Check: DESCRIPTION meta-information
Result: NOTE
Missing dependency on R >= 4.1.0 because package code uses the pipe
|> or function shorthand \(...) syntax added in R 4.1.0.
File(s) using such syntax:
‘ANOFA-contrastFrequencies.R’ ‘ANOFA-emFrequencies.R’
Flavors: r-devel-linux-x86_64-debian-clang, r-devel-linux-x86_64-debian-gcc, r-devel-linux-x86_64-fedora-gcc