CRAN Package Check Results for Package APtools

Last updated on 2020-01-26 02:48:42 CET.

Flavor Version Tinstall Tcheck Ttotal Status Flags
r-devel-linux-x86_64-debian-clang 6.8.8 10.18 72.25 82.43 NOTE
r-devel-linux-x86_64-debian-gcc 6.8.8 7.47 55.89 63.36 NOTE
r-devel-linux-x86_64-fedora-clang 6.8.8 97.13 NOTE
r-devel-linux-x86_64-fedora-gcc 6.8.8 96.36 NOTE
r-devel-windows-ix86+x86_64 6.8.8 15.00 108.00 123.00 OK
r-devel-windows-ix86+x86_64-gcc8 6.8.8 21.00 105.00 126.00 OK
r-patched-linux-x86_64 6.8.8 5.70 64.93 70.63 OK
r-patched-solaris-x86 6.8.8 129.80 OK
r-release-linux-x86_64 6.8.8 7.68 64.66 72.34 OK
r-release-windows-ix86+x86_64 6.8.8 13.00 101.00 114.00 OK
r-release-osx-x86_64 6.8.8 OK
r-oldrel-windows-ix86+x86_64 6.8.8 7.00 96.00 103.00 OK
r-oldrel-osx-x86_64 6.8.8 OK

Check Details

Version: 6.8.8
Check: for non-standard things in the check directory
Result: NOTE
    Found the following files/directories:
     'APBinary_PPV.csv' 'APBinary_TPF.csv'
     'APBinary_ap_summary(method=perturbation,B=1500).csv'
     'APBinary_auc_summary(method=perturbation,B=1500).csv'
     'APSurv_PPV.csv' 'APSurv_TPF.csv'
     'APSurv_ap_summary(method=bootstrap,B=500).csv'
     'APSurv_auc_summary(method=bootstrap,B=500).csv'
     'CompareAP_Binary_dap_summary(method=none).csv'
     'CompareAP_Survival_dap_summary(method=bootstrap,B=500).csv'
Flavors: r-devel-linux-x86_64-debian-clang, r-devel-linux-x86_64-debian-gcc, r-devel-linux-x86_64-fedora-clang, r-devel-linux-x86_64-fedora-gcc