CRAN Package Check Results for Package APtools

Last updated on 2020-08-10 03:48:16 CEST.

Flavor Version Tinstall Tcheck Ttotal Status Flags
r-devel-linux-x86_64-debian-clang 6.8.8 10.08 73.39 83.47 NOTE
r-devel-linux-x86_64-debian-gcc 6.8.8 7.65 56.34 63.99 NOTE
r-devel-linux-x86_64-fedora-clang 6.8.8 107.13 NOTE
r-devel-linux-x86_64-fedora-gcc 6.8.8 96.28 NOTE
r-devel-windows-ix86+x86_64 6.8.8 21.00 104.00 125.00 OK
r-patched-linux-x86_64 6.8.8 9.50 72.50 82.00 NOTE
r-patched-solaris-x86 6.8.8 142.30 NOTE
r-release-linux-x86_64 6.8.8 8.59 72.51 81.10 NOTE
r-release-macos-x86_64 6.8.8 OK
r-release-windows-ix86+x86_64 6.8.8 20.00 75.00 95.00 OK
r-oldrel-macos-x86_64 6.8.8 OK
r-oldrel-windows-ix86+x86_64 6.8.8 12.00 95.00 107.00 OK

Check Details

Version: 6.8.8
Check: for non-standard things in the check directory
Result: NOTE
    Found the following files/directories:
     'APBinary_PPV.csv' 'APBinary_TPF.csv'
     'APBinary_ap_summary(method=perturbation,B=1500).csv'
     'APBinary_auc_summary(method=perturbation,B=1500).csv'
     'APSurv_PPV.csv' 'APSurv_TPF.csv'
     'APSurv_ap_summary(method=bootstrap,B=500).csv'
     'APSurv_auc_summary(method=bootstrap,B=500).csv'
     'CompareAP_Binary_dap_summary(method=none).csv'
     'CompareAP_Survival_dap_summary(method=bootstrap,B=500).csv'
Flavors: r-devel-linux-x86_64-debian-clang, r-devel-linux-x86_64-debian-gcc, r-devel-linux-x86_64-fedora-clang, r-devel-linux-x86_64-fedora-gcc, r-patched-linux-x86_64, r-patched-solaris-x86, r-release-linux-x86_64