Last updated on 2025-01-23 21:49:08 CET.
Flavor | Version | Tinstall | Tcheck | Ttotal | Status | Flags |
---|---|---|---|---|---|---|
r-devel-linux-x86_64-debian-clang | 1.0.4 | 9.87 | 106.16 | 116.03 | OK | |
r-devel-linux-x86_64-debian-gcc | 1.0.4 | 6.57 | 74.25 | 80.82 | OK | |
r-devel-linux-x86_64-fedora-clang | 1.0.4 | 188.69 | OK | |||
r-devel-linux-x86_64-fedora-gcc | 1.0.4 | 190.48 | OK | |||
r-devel-windows-x86_64 | 1.0.4 | 12.00 | 123.00 | 135.00 | OK | |
r-patched-linux-x86_64 | 1.0.4 | 10.01 | 99.23 | 109.24 | OK | |
r-release-linux-x86_64 | 1.0.4 | 7.88 | 98.49 | 106.37 | OK | |
r-release-macos-arm64 | 1.0.4 | 60.00 | OK | |||
r-release-macos-x86_64 | 1.0.4 | 108.00 | OK | |||
r-release-windows-x86_64 | 1.0.4 | 10.00 | 124.00 | 134.00 | OK | |
r-oldrel-macos-arm64 | 1.0.4 | 60.00 | OK | |||
r-oldrel-macos-x86_64 | 1.0.4 | 94.00 | NOTE | |||
r-oldrel-windows-x86_64 | 1.0.4 | 14.00 | 152.00 | 166.00 | OK |
Version: 1.0.4
Check: installed package size
Result: NOTE
installed size is 5.8Mb
sub-directories of 1Mb or more:
data 4.7Mb
Flavor: r-oldrel-macos-x86_64