CRAN Package Check Results for Package ARCensReg

Last updated on 2021-04-23 01:49:53 CEST.

Flavor Version Tinstall Tcheck Ttotal Status Flags
r-devel-linux-x86_64-debian-clang 2.1 9.69 74.44 84.13 OK
r-devel-linux-x86_64-debian-gcc 2.1 7.83 58.49 66.32 OK
r-devel-linux-x86_64-fedora-clang 2.1 109.07 OK
r-devel-linux-x86_64-fedora-gcc 2.1 98.65 OK
r-devel-windows-ix86+x86_64 2.1 22.00 90.00 112.00 OK
r-devel-windows-x86_64-gcc10-UCRT 2.1 OK
r-patched-linux-x86_64 2.1 9.58 69.38 78.96 WARN
r-patched-solaris-x86 2.1 143.50 OK
r-release-linux-x86_64 2.1 9.12 69.97 79.09 OK
r-release-macos-x86_64 2.1 OK
r-release-windows-ix86+x86_64 2.1 20.00 94.00 114.00 OK
r-oldrel-macos-x86_64 2.1 OK
r-oldrel-windows-ix86+x86_64 2.1 15.00 89.00 104.00 OK

Check Details

Version: 2.1
Check: whether package can be installed
Result: WARN
    Found the following significant warnings:
     Rd warning: /tmp/Rtmpl8nRTg/R.INSTALL414077deea79/ARCensReg/man/InfDiag.Rd:106: file link ‘ARCensReg’ in package ‘ARCensReg’ does not exist and so has been treated as a topic
     Rd warning: /tmp/Rtmpl8nRTg/R.INSTALL414077deea79/ARCensReg/man/rARCens.Rd:67: file link ‘ARCensReg’ in package ‘ARCensReg’ does not exist and so has been treated as a topic
Flavor: r-patched-linux-x86_64