CRAN Package Check Results for Package ARCokrig

Last updated on 2024-05-24 12:57:49 CEST.

Flavor Version Tinstall Tcheck Ttotal Status Flags
r-devel-linux-x86_64-debian-clang 0.1.2 90.92 79.75 170.67 NOTE
r-devel-linux-x86_64-debian-gcc 0.1.2 75.45 61.05 136.50 NOTE
r-devel-linux-x86_64-fedora-clang 0.1.2 215.93 NOTE
r-devel-linux-x86_64-fedora-gcc 0.1.2 254.50 NOTE
r-devel-windows-x86_64 0.1.2 70.00 113.00 183.00 NOTE
r-patched-linux-x86_64 0.1.2 96.89 80.99 177.88 NOTE
r-release-linux-x86_64 0.1.2 101.81 79.39 181.20 NOTE
r-release-macos-arm64 0.1.2 54.00 NOTE
r-release-windows-x86_64 0.1.2 70.00 112.00 182.00 NOTE
r-oldrel-macos-arm64 0.1.2 57.00 NOTE
r-oldrel-macos-x86_64 0.1.2 83.00 NOTE
r-oldrel-windows-x86_64 0.1.2 85.00 123.00 208.00 NOTE

Check Details

Version: 0.1.2
Check: C++ specification
Result: NOTE Specified C++11: please drop specification unless essential Flavors: r-devel-linux-x86_64-debian-clang, r-devel-linux-x86_64-debian-gcc, r-devel-linux-x86_64-fedora-clang, r-devel-linux-x86_64-fedora-gcc, r-devel-windows-x86_64, r-patched-linux-x86_64, r-release-linux-x86_64, r-release-macos-arm64, r-release-windows-x86_64, r-oldrel-macos-arm64, r-oldrel-macos-x86_64, r-oldrel-windows-x86_64

Version: 0.1.2
Check: installed package size
Result: NOTE installed size is 30.0Mb sub-directories of 1Mb or more: libs 29.7Mb Flavors: r-release-macos-arm64, r-oldrel-macos-arm64, r-oldrel-macos-x86_64