Last updated on 2022-06-27 20:52:41 CEST.
Flavor | Version | Tinstall | Tcheck | Ttotal | Status | Flags |
---|---|---|---|---|---|---|
r-devel-linux-x86_64-debian-clang | 1.2.3 | 17.43 | 122.49 | 139.92 | OK | |
r-devel-linux-x86_64-debian-gcc | 1.2.3 | 12.84 | 90.47 | 103.31 | OK | |
r-devel-linux-x86_64-fedora-clang | 1.2.3 | 173.08 | NOTE | |||
r-devel-linux-x86_64-fedora-gcc | 1.2.3 | 165.66 | OK | |||
r-devel-windows-x86_64 | 1.2.3 | 33.00 | 145.00 | 178.00 | OK | |
r-patched-linux-x86_64 | 1.2.3 | 11.69 | 115.21 | 126.90 | OK | |
r-release-linux-x86_64 | 1.2.3 | 10.73 | 117.92 | 128.65 | OK | |
r-release-macos-arm64 | 1.2.3 | 61.00 | OK | |||
r-release-macos-x86_64 | 1.2.3 | 98.00 | OK | |||
r-release-windows-x86_64 | 1.2.3 | 33.00 | 149.00 | 182.00 | OK | |
r-oldrel-macos-arm64 | 1.2.3 | 58.00 | OK | |||
r-oldrel-macos-x86_64 | 1.2.3 | 73.00 | OK | |||
r-oldrel-windows-ix86+x86_64 | 1.2.3 | 35.00 | 144.00 | 179.00 | OK |
Version: 1.2.3
Check: package dependencies
Result: NOTE
Imports includes 22 non-default packages.
Importing from so many packages makes the package vulnerable to any of
them becoming unavailable. Move as many as possible to Suggests and
use conditionally.
Flavor: r-devel-linux-x86_64-fedora-clang