CRAN Package Check Results for Package ARpLMEC

Last updated on 2021-10-17 13:50:34 CEST.

Flavor Version Tinstall Tcheck Ttotal Status Flags
r-devel-linux-x86_64-debian-clang 2.1 22.10 109.58 131.68 OK
r-devel-linux-x86_64-debian-gcc 2.1 16.76 83.41 100.17 OK
r-devel-linux-x86_64-fedora-clang 2.1 176.47 NOTE
r-devel-linux-x86_64-fedora-gcc 2.1 161.87 NOTE
r-devel-windows-x86_64 2.1 28.00 117.00 145.00 OK
r-devel-windows-x86_64-gcc10-UCRT 2.1 NOTE
r-patched-linux-x86_64 2.1 23.01 108.42 131.43 OK
r-patched-solaris-x86 2.1 230.50 NOTE
r-release-linux-x86_64 2.1 21.52 111.12 132.64 OK
r-release-macos-arm64 2.1 NOTE
r-release-macos-x86_64 2.1 NOTE
r-release-windows-ix86+x86_64 2.1 23.00 116.00 139.00 OK
r-oldrel-macos-x86_64 2.1 NOTE
r-oldrel-windows-ix86+x86_64 2.1 31.00 117.00 148.00 OK

Check Details

Version: 2.1
Check: dependencies in R code
Result: NOTE
    Namespaces in Imports field not imported from:
     ‘Matrix’ ‘gmm’ ‘graphics’ ‘sandwich’ ‘stats4’ ‘utils’
     All declared Imports should be used.
Flavors: r-devel-linux-x86_64-fedora-clang, r-devel-linux-x86_64-fedora-gcc, r-devel-windows-x86_64-gcc10-UCRT, r-patched-solaris-x86, r-release-macos-arm64, r-release-macos-x86_64, r-oldrel-macos-x86_64