Last updated on 2023-06-07 14:00:30 CEST.
Flavor | Version | Tinstall | Tcheck | Ttotal | Status | Flags |
---|---|---|---|---|---|---|
r-devel-linux-x86_64-debian-clang | 1.1.1 | 48.40 | 51.68 | 100.08 | NOTE | |
r-devel-linux-x86_64-debian-gcc | 1.1.1 | 46.62 | 37.73 | 84.35 | NOTE | |
r-devel-linux-x86_64-fedora-clang | 1.1.1 | 143.40 | NOTE | |||
r-devel-linux-x86_64-fedora-gcc | 1.1.1 | 145.03 | NOTE | |||
r-devel-windows-x86_64 | 1.1.1 | 42.00 | 92.00 | 134.00 | NOTE | |
r-patched-linux-x86_64 | 1.1.1 | 51.02 | 48.48 | 99.50 | NOTE | |
r-release-linux-x86_64 | 1.1.1 | 48.88 | 47.43 | 96.31 | NOTE | |
r-release-macos-arm64 | 1.1.1 | 45.00 | NOTE | |||
r-release-macos-x86_64 | 1.1.1 | 67.00 | NOTE | |||
r-release-windows-x86_64 | 1.1.1 | 54.00 | 104.00 | 158.00 | NOTE | |
r-oldrel-macos-arm64 | 1.1.1 | 45.00 | NOTE | |||
r-oldrel-macos-x86_64 | 1.1.1 | 52.00 | NOTE | |||
r-oldrel-windows-x86_64 | 1.1.1 | 52.00 | 101.00 | 153.00 | OK |
Version: 1.1.1
Check: C++ specification
Result: NOTE
Specified C++11: please drop specification unless essential
Flavors: r-devel-linux-x86_64-debian-clang, r-devel-linux-x86_64-debian-gcc, r-devel-linux-x86_64-fedora-clang, r-devel-linux-x86_64-fedora-gcc, r-devel-windows-x86_64, r-patched-linux-x86_64, r-release-linux-x86_64, r-release-macos-arm64, r-release-macos-x86_64, r-release-windows-x86_64
Version: 1.1.1
Check: installed package size
Result: NOTE
installed size is 6.5Mb
sub-directories of 1Mb or more:
libs 6.3Mb
Flavors: r-release-macos-arm64, r-release-macos-x86_64, r-oldrel-macos-arm64, r-oldrel-macos-x86_64