CRAN Package Check Results for Package ATAforecasting

Last updated on 2021-09-19 02:49:58 CEST.

Flavor Version Tinstall Tcheck Ttotal Status Flags
r-devel-linux-x86_64-debian-clang 0.0.52 55.28 195.33 250.61 OK
r-devel-linux-x86_64-debian-gcc 0.0.52 39.69 142.87 182.56 OK
r-devel-linux-x86_64-fedora-clang 0.0.52 OK
r-devel-linux-x86_64-fedora-gcc 0.0.52 304.56 OK
r-devel-windows-x86_64 0.0.52 53.00 181.00 234.00 OK
r-devel-windows-x86_64-gcc10-UCRT 0.0.52 ERROR
r-patched-linux-x86_64 0.0.52 53.68 185.88 239.56 OK
r-patched-solaris-x86 0.0.52 5.10 ERROR
r-release-linux-x86_64 0.0.52 47.90 188.64 236.54 OK
r-release-macos-arm64 0.0.52 OK
r-release-macos-x86_64 0.0.52 OK
r-release-windows-ix86+x86_64 0.0.52 127.00 312.00 439.00 OK
r-oldrel-macos-x86_64 0.0.52 OK
r-oldrel-windows-ix86+x86_64 0.0.52 124.00 241.00 365.00 OK

Check Details

Version: 0.0.52
Check: whether package can be installed
Result: ERROR
    Installation failed.
Flavor: r-devel-windows-x86_64-gcc10-UCRT

Version: 0.0.52
Check: package dependencies
Result: ERROR
    Package required but not available: ‘seasonal’
    
    See section ‘The DESCRIPTION file’ in the ‘Writing R Extensions’
    manual.
Flavor: r-patched-solaris-x86