CRAN Package Check Results for Package AUC

Last updated on 2019-08-19 11:48:57 CEST.

Flavor Version Tinstall Tcheck Ttotal Status Flags
r-devel-linux-x86_64-debian-clang 0.3.0 1.92 18.75 20.67 NOTE
r-devel-linux-x86_64-debian-gcc 0.3.0 1.39 15.41 16.80 NOTE
r-devel-linux-x86_64-fedora-clang 0.3.0 26.91 NOTE
r-devel-linux-x86_64-fedora-gcc 0.3.0 25.02 NOTE
r-devel-windows-ix86+x86_64 0.3.0 6.00 41.00 47.00 NOTE
r-patched-linux-x86_64 0.3.0 1.41 18.82 20.23 NOTE
r-patched-solaris-x86 0.3.0 40.20 NOTE
r-release-linux-x86_64 0.3.0 1.70 18.82 20.52 NOTE
r-release-windows-ix86+x86_64 0.3.0 4.00 43.00 47.00 NOTE
r-release-osx-x86_64 0.3.0 NOTE
r-oldrel-windows-ix86+x86_64 0.3.0 2.00 30.00 32.00 NOTE
r-oldrel-osx-x86_64 0.3.0 NOTE

Check Details

Version: 0.3.0
Check: DESCRIPTION meta-information
Result: NOTE
    Malformed Title field: should not end in a period.
Flavors: r-devel-linux-x86_64-debian-clang, r-devel-linux-x86_64-debian-gcc, r-devel-linux-x86_64-fedora-clang, r-devel-linux-x86_64-fedora-gcc, r-devel-windows-ix86+x86_64, r-patched-linux-x86_64, r-patched-solaris-x86, r-release-linux-x86_64, r-release-windows-ix86+x86_64, r-release-osx-x86_64, r-oldrel-windows-ix86+x86_64, r-oldrel-osx-x86_64

Version: 0.3.0
Check: R code for possible problems
Result: NOTE
    plot.AUC: no visible global function definition for 'plot'
    plot.AUC: no visible global function definition for 'lines'
    Undefined global functions or variables:
     lines plot
    Consider adding
     importFrom("graphics", "lines", "plot")
    to your NAMESPACE file.
Flavors: r-devel-linux-x86_64-debian-clang, r-devel-linux-x86_64-debian-gcc, r-devel-linux-x86_64-fedora-clang, r-devel-linux-x86_64-fedora-gcc, r-devel-windows-ix86+x86_64, r-patched-linux-x86_64, r-patched-solaris-x86, r-release-linux-x86_64, r-release-windows-ix86+x86_64, r-release-osx-x86_64, r-oldrel-windows-ix86+x86_64, r-oldrel-osx-x86_64