CRAN Package Check Results for Package AWR

Last updated on 2020-09-24 06:53:57 CEST.

Flavor Version Tinstall Tcheck Ttotal Status Flags
r-devel-linux-x86_64-debian-clang 1.11.189 4.61 26.54 31.15 OK
r-devel-linux-x86_64-debian-gcc 1.11.189 3.50 20.50 24.00 OK
r-devel-linux-x86_64-fedora-clang 1.11.189 48.06 NOTE
r-devel-linux-x86_64-fedora-gcc 1.11.189 44.27 OK
r-devel-windows-ix86+x86_64 1.11.189 25.00 42.00 67.00 NOTE
r-patched-linux-x86_64 1.11.189 4.26 24.66 28.92 OK
r-patched-solaris-x86 1.11.189 52.10 NOTE
r-release-linux-x86_64 1.11.189 4.46 25.10 29.56 OK
r-release-macos-x86_64 1.11.189 NOTE
r-release-windows-ix86+x86_64 1.11.189 25.00 42.00 67.00 NOTE
r-oldrel-macos-x86_64 1.11.189 NOTE
r-oldrel-windows-ix86+x86_64 1.11.189 23.00 38.00 61.00 NOTE

Check Details

Version: 1.11.189
Check: installed package size
Result: NOTE
     installed size is 67.2Mb
     sub-directories of 1Mb or more:
     java 67.2Mb
Flavors: r-devel-linux-x86_64-fedora-clang, r-devel-windows-ix86+x86_64, r-patched-solaris-x86, r-release-macos-x86_64, r-release-windows-ix86+x86_64, r-oldrel-macos-x86_64, r-oldrel-windows-ix86+x86_64