Last updated on 2025-01-19 16:48:15 CET.
Flavor | Version | Tinstall | Tcheck | Ttotal | Status | Flags |
---|---|---|---|---|---|---|
r-devel-linux-x86_64-debian-clang | 0.3.0 | 8.23 | 66.92 | 75.15 | NOTE | |
r-devel-linux-x86_64-debian-gcc | 0.3.0 | 5.30 | 44.93 | 50.23 | NOTE | |
r-devel-linux-x86_64-fedora-clang | 0.3.0 | 118.12 | NOTE | |||
r-devel-linux-x86_64-fedora-gcc | 0.3.0 | 105.38 | NOTE | |||
r-devel-windows-x86_64 | 0.3.0 | 9.00 | 81.00 | 90.00 | NOTE | |
r-patched-linux-x86_64 | 0.3.0 | 7.65 | 58.84 | 66.49 | NOTE | |
r-release-linux-x86_64 | 0.3.0 | 7.13 | 58.50 | 65.63 | NOTE | |
r-release-macos-arm64 | 0.3.0 | 35.00 | NOTE | |||
r-release-macos-x86_64 | 0.3.0 | 50.00 | NOTE | |||
r-release-windows-x86_64 | 0.3.0 | 9.00 | 78.00 | 87.00 | NOTE | |
r-oldrel-macos-arm64 | 0.3.0 | 37.00 | NOTE | |||
r-oldrel-macos-x86_64 | 0.3.0 | 55.00 | NOTE | |||
r-oldrel-windows-x86_64 | 0.3.0 | 12.00 | 98.00 | 110.00 | NOTE |
Version: 0.3.0
Check: package subdirectories
Result: NOTE
Problems with news in ‘NEWS.md’:
No news entries found.
Flavors: r-devel-linux-x86_64-debian-clang, r-devel-linux-x86_64-debian-gcc, r-devel-linux-x86_64-fedora-clang, r-devel-linux-x86_64-fedora-gcc, r-devel-windows-x86_64, r-patched-linux-x86_64, r-release-linux-x86_64, r-release-macos-arm64, r-release-macos-x86_64, r-release-windows-x86_64, r-oldrel-macos-arm64, r-oldrel-macos-x86_64, r-oldrel-windows-x86_64