Last updated on 2022-08-16 20:53:07 CEST.
Flavor | Version | Tinstall | Tcheck | Ttotal | Status | Flags |
---|---|---|---|---|---|---|
r-devel-linux-x86_64-debian-clang | 0.3.0 | 15.03 | 129.54 | 144.57 | NOTE | |
r-devel-linux-x86_64-debian-gcc | 0.3.0 | 11.44 | 96.04 | 107.48 | NOTE | |
r-devel-linux-x86_64-fedora-clang | 0.3.0 | 178.76 | NOTE | |||
r-devel-linux-x86_64-fedora-gcc | 0.3.0 | 180.87 | NOTE | |||
r-devel-windows-x86_64 | 0.3.0 | 24.00 | 151.00 | 175.00 | NOTE | |
r-patched-linux-x86_64 | 0.3.0 | 13.57 | 121.73 | 135.30 | OK | |
r-release-linux-x86_64 | 0.3.0 | 12.50 | 122.58 | 135.08 | OK | |
r-release-macos-arm64 | 0.3.0 | 52.00 | OK | |||
r-release-macos-x86_64 | 0.3.0 | 69.00 | OK | |||
r-release-windows-x86_64 | 0.3.0 | 21.00 | 148.00 | 169.00 | OK | |
r-oldrel-macos-arm64 | 0.3.0 | 46.00 | OK | |||
r-oldrel-macos-x86_64 | 0.3.0 | 68.00 | OK | |||
r-oldrel-windows-ix86+x86_64 | 0.3.0 | 33.00 | 149.00 | 182.00 | OK |
Version: 0.3.0
Check: package subdirectories
Result: NOTE
Problems with news in 'NEWS.md':
No news entries found.
Flavors: r-devel-linux-x86_64-debian-clang, r-devel-linux-x86_64-debian-gcc, r-devel-linux-x86_64-fedora-clang, r-devel-linux-x86_64-fedora-gcc, r-devel-windows-x86_64