Last updated on 2023-01-28 20:54:21 CET.
Flavor | Version | Tinstall | Tcheck | Ttotal | Status | Flags |
---|---|---|---|---|---|---|
r-devel-linux-x86_64-debian-clang | 0.1.1 | 13.90 | 128.91 | 142.81 | NOTE | |
r-devel-linux-x86_64-debian-gcc | 0.1.1 | 11.34 | 97.90 | 109.24 | NOTE | |
r-devel-linux-x86_64-fedora-clang | 0.1.1 | 189.13 | NOTE | |||
r-devel-linux-x86_64-fedora-gcc | 0.1.1 | 200.79 | NOTE | |||
r-devel-windows-x86_64 | 0.1.1 | 18.00 | 151.00 | 169.00 | NOTE | |
r-patched-linux-x86_64 | 0.1.1 | 11.46 | 125.84 | 137.30 | OK | |
r-release-linux-x86_64 | 0.1.1 | 11.49 | 125.68 | 137.17 | OK | |
r-release-macos-arm64 | 0.1.1 | 49.00 | NOTE | |||
r-release-macos-x86_64 | 0.1.1 | 83.00 | NOTE | |||
r-release-windows-x86_64 | 0.1.1 | 19.00 | 156.00 | 175.00 | OK | |
r-oldrel-macos-arm64 | 0.1.1 | 62.00 | NOTE | |||
r-oldrel-macos-x86_64 | 0.1.1 | 88.00 | NOTE | |||
r-oldrel-windows-ix86+x86_64 | 0.1.1 | 34.00 | 174.00 | 208.00 | OK |
Version: 0.1.1
Check: package subdirectories
Result: NOTE
Problems with news in ‘NEWS.md’:
No news entries found.
Flavors: r-devel-linux-x86_64-debian-clang, r-devel-linux-x86_64-debian-gcc, r-devel-linux-x86_64-fedora-clang, r-devel-linux-x86_64-fedora-gcc, r-devel-windows-x86_64
Version: 0.1.1
Check: dependencies in R code
Result: NOTE
Namespace in Imports field not imported from: ‘tidyr’
All declared Imports should be used.
Flavors: r-devel-linux-x86_64-fedora-clang, r-devel-linux-x86_64-fedora-gcc, r-release-macos-arm64, r-release-macos-x86_64, r-oldrel-macos-arm64, r-oldrel-macos-x86_64