CRAN Package Check Results for Package ActFrag

Last updated on 2024-02-28 00:56:13 CET.

Flavor Version Tinstall Tcheck Ttotal Status Flags
r-devel-linux-x86_64-debian-clang 0.1.1 11.72 124.30 136.02 NOTE
r-devel-linux-x86_64-debian-gcc 0.1.1 11.29 91.40 102.69 NOTE
r-devel-linux-x86_64-fedora-clang 0.1.1 167.11 NOTE
r-devel-linux-x86_64-fedora-gcc 0.1.1 169.69 NOTE
r-devel-windows-x86_64 0.1.1 12.00 119.00 131.00 NOTE
r-patched-linux-x86_64 0.1.1 11.60 118.58 130.18 NOTE
r-release-linux-x86_64 0.1.1 10.34 118.24 128.58 NOTE
r-release-macos-arm64 0.1.1 61.00 NOTE
r-release-macos-x86_64 0.1.1 86.00 NOTE
r-release-windows-x86_64 0.1.1 16.00 123.00 139.00 NOTE
r-oldrel-macos-arm64 0.1.1 49.00 NOTE
r-oldrel-windows-x86_64 0.1.1 17.00 126.00 143.00 OK

Check Details

Version: 0.1.1
Check: package subdirectories
Result: NOTE Problems with news in ‘NEWS.md’: No news entries found. Flavors: r-devel-linux-x86_64-debian-clang, r-devel-linux-x86_64-debian-gcc, r-devel-linux-x86_64-fedora-clang, r-devel-linux-x86_64-fedora-gcc, r-devel-windows-x86_64, r-patched-linux-x86_64, r-release-linux-x86_64, r-release-macos-arm64, r-release-macos-x86_64, r-release-windows-x86_64

Version: 0.1.1
Check: dependencies in R code
Result: NOTE Namespace in Imports field not imported from: ‘tidyr’ All declared Imports should be used. Flavors: r-devel-linux-x86_64-fedora-clang, r-devel-linux-x86_64-fedora-gcc, r-oldrel-macos-arm64