Last updated on 2023-02-05 17:51:11 CET.
Flavor | Version | Tinstall | Tcheck | Ttotal | Status | Flags |
---|---|---|---|---|---|---|
r-devel-linux-x86_64-debian-clang | 1.2.0 | 4.40 | 189.43 | 193.83 | OK | |
r-devel-linux-x86_64-debian-gcc | 1.2.0 | 3.18 | 131.73 | 134.91 | OK | |
r-devel-linux-x86_64-fedora-clang | 1.2.0 | 245.38 | OK | |||
r-devel-linux-x86_64-fedora-gcc | 1.2.0 | 262.72 | OK | |||
r-devel-windows-x86_64 | 1.2.0 | 55.00 | 226.00 | 281.00 | OK | |
r-patched-linux-x86_64 | 1.2.0 | 3.35 | 174.01 | 177.36 | OK | |
r-release-linux-x86_64 | 1.2.0 | 3.71 | 175.55 | 179.26 | OK | |
r-release-macos-arm64 | 1.2.0 | 15.00 | ERROR | |||
r-release-macos-x86_64 | 1.2.0 | 20.00 | ERROR | |||
r-release-windows-x86_64 | 1.2.0 | 78.00 | 231.00 | 309.00 | OK | |
r-oldrel-macos-arm64 | 1.2.0 | 19.00 | ERROR | |||
r-oldrel-macos-x86_64 | 1.2.0 | 26.00 | ERROR | |||
r-oldrel-windows-ix86+x86_64 | 1.2.0 | 11.00 | 232.00 | 243.00 | OK |
Version: 1.2.0
Check: package dependencies
Result: ERROR
Packages required but not available:
'BSgenome.Hsapiens.UCSC.hg19', 'BSgenome.Hsapiens.UCSC.hg38',
'BSgenome.Mmusculus.UCSC.mm9', 'BSgenome.Mmusculus.UCSC.mm10'
See section ‘The DESCRIPTION file’ in the ‘Writing R Extensions’
manual.
Flavors: r-release-macos-arm64, r-release-macos-x86_64
Version: 1.2.0
Check: package dependencies
Result: ERROR
Package required but not available: ‘BSgenome.Mmusculus.UCSC.mm10’
See section ‘The DESCRIPTION file’ in the ‘Writing R Extensions’
manual.
Flavors: r-oldrel-macos-arm64, r-oldrel-macos-x86_64