CRAN Package Check Results for Package AcuityView

Last updated on 2024-02-25 07:49:41 CET.

Flavor Version Tinstall Tcheck Ttotal Status Flags
r-devel-linux-x86_64-debian-clang 0.1 4.70 42.49 47.19 NOTE
r-devel-linux-x86_64-debian-gcc 0.1 3.91 33.23 37.14 NOTE
r-devel-linux-x86_64-fedora-clang 0.1 58.26 NOTE
r-devel-linux-x86_64-fedora-gcc 0.1 57.57 NOTE
r-devel-windows-x86_64 0.1 5.00 57.00 62.00 NOTE
r-patched-linux-x86_64 0.1 5.38 41.71 47.09 NOTE
r-release-linux-x86_64 0.1 5.26 41.66 46.92 NOTE
r-release-macos-arm64 0.1 26.00 NOTE
r-release-macos-x86_64 0.1 33.00 NOTE
r-release-windows-x86_64 0.1 8.00 67.00 75.00 NOTE
r-oldrel-macos-arm64 0.1 22.00 NOTE
r-oldrel-windows-x86_64 0.1 8.00 68.00 76.00 NOTE

Check Details

Version: 0.1
Check: LazyData
Result: NOTE 'LazyData' is specified without a 'data' directory Flavors: r-devel-linux-x86_64-debian-clang, r-devel-linux-x86_64-debian-gcc, r-devel-linux-x86_64-fedora-clang, r-devel-linux-x86_64-fedora-gcc, r-devel-windows-x86_64, r-patched-linux-x86_64, r-release-linux-x86_64, r-release-macos-arm64, r-release-macos-x86_64, r-release-windows-x86_64, r-oldrel-macos-arm64, r-oldrel-windows-x86_64

Version: 0.1
Check: for non-standard things in the check directory
Result: NOTE Found the following files/directories: ‘Example.jpeg’ Flavors: r-devel-linux-x86_64-debian-clang, r-devel-linux-x86_64-debian-gcc, r-devel-linux-x86_64-fedora-clang, r-devel-linux-x86_64-fedora-gcc, r-patched-linux-x86_64, r-release-linux-x86_64