CRAN Package Check Results for Package AcuityView

Last updated on 2020-07-16 16:47:16 CEST.

Flavor Version Tinstall Tcheck Ttotal Status Flags
r-devel-linux-x86_64-debian-clang 0.1 3.91 32.69 36.60 NOTE
r-devel-linux-x86_64-debian-gcc 0.1 2.95 26.39 29.34 NOTE
r-devel-linux-x86_64-fedora-clang 0.1 59.37 NOTE
r-devel-linux-x86_64-fedora-gcc 0.1 47.97 NOTE
r-devel-windows-ix86+x86_64 0.1 17.00 70.00 87.00 OK
r-patched-linux-x86_64 0.1 3.35 33.48 36.83 NOTE
r-patched-solaris-x86 0.1 71.30 NOTE
r-release-linux-x86_64 0.1 3.68 33.01 36.69 NOTE
r-release-windows-ix86+x86_64 0.1 14.00 70.00 84.00 OK
r-oldrel-macos-x86_64 0.1 OK
r-oldrel-windows-ix86+x86_64 0.1 11.00 70.00 81.00 OK

Check Details

Version: 0.1
Check: for non-standard things in the check directory
Result: NOTE
    Found the following files/directories:
     'Example.jpeg'
Flavors: r-devel-linux-x86_64-debian-clang, r-devel-linux-x86_64-debian-gcc, r-devel-linux-x86_64-fedora-clang, r-devel-linux-x86_64-fedora-gcc, r-patched-linux-x86_64, r-patched-solaris-x86, r-release-linux-x86_64