CRAN Package Check Results for Package AdMit

Last updated on 2021-04-14 08:48:10 CEST.

Flavor Version Tinstall Tcheck Ttotal Status Flags
r-devel-linux-x86_64-debian-clang 2.1.5 3.49 48.92 52.41 OK
r-devel-linux-x86_64-debian-gcc 2.1.5 2.45 38.60 41.05 OK
r-devel-linux-x86_64-fedora-clang 2.1.5 74.44 NOTE
r-devel-linux-x86_64-fedora-gcc 2.1.5 63.78 NOTE
r-devel-windows-ix86+x86_64 2.1.5 10.00 85.00 95.00 OK
r-devel-windows-x86_64-gcc10-UCRT 2.1.5 OK
r-patched-linux-x86_64 2.1.5 3.24 48.30 51.54 OK
r-patched-solaris-x86 2.1.5 88.60 OK
r-release-linux-x86_64 2.1.5 3.16 47.51 50.67 OK
r-release-macos-x86_64 2.1.5 OK
r-release-windows-ix86+x86_64 2.1.5 8.00 87.00 95.00 OK
r-oldrel-macos-x86_64 2.1.5 OK
r-oldrel-windows-ix86+x86_64 2.1.5 8.00 66.00 74.00 OK

Check Details

Version: 2.1.5
Check: compiled code
Result: NOTE
    File ‘AdMit/libs/AdMit.so’:
     Found no calls to: ‘R_registerRoutines’, ‘R_useDynamicSymbols’
    
    It is good practice to register native routines and to disable symbol
    search.
    
    See ‘Writing portable packages’ in the ‘Writing R Extensions’ manual.
Flavors: r-devel-linux-x86_64-fedora-clang, r-devel-linux-x86_64-fedora-gcc