CRAN Package Check Results for Package AdaSampling

Last updated on 2021-10-19 13:53:14 CEST.

Flavor Version Tinstall Tcheck Ttotal Status Flags
r-devel-linux-x86_64-debian-clang 1.3 13.33 131.25 144.58 OK
r-devel-linux-x86_64-debian-gcc 1.3 10.61 99.47 110.08 OK
r-devel-linux-x86_64-fedora-clang 1.3 182.92 OK
r-devel-linux-x86_64-fedora-gcc 1.3 169.69 OK
r-devel-windows-x86_64 1.3 23.00 167.00 190.00 OK
r-devel-windows-x86_64-gcc10-UCRT 1.3 OK
r-patched-linux-x86_64 1.3 14.08 125.14 139.22 OK
r-patched-solaris-x86 1.3 226.70 OK
r-release-linux-x86_64 1.3 11.66 129.88 141.54 OK
r-release-macos-arm64 1.3 OK
r-release-macos-x86_64 1.3 OK
r-release-windows-ix86+x86_64 1.3 7.00 8.00 15.00 ERROR
r-oldrel-macos-x86_64 1.3 OK
r-oldrel-windows-ix86+x86_64 1.3 35.00 169.00 204.00 OK

Check Details

Version: 1.3
Check: whether package can be installed
Result: ERROR
    Installation failed.
Flavor: r-release-windows-ix86+x86_64