CRAN Package Check Results for Package AdapSamp

Last updated on 2021-04-13 14:47:22 CEST.

Flavor Version Tinstall Tcheck Ttotal Status Flags
r-devel-linux-x86_64-debian-clang 1.1.1 2.65 31.95 34.60 NOTE
r-devel-linux-x86_64-debian-gcc 1.1.1 1.88 25.17 27.05 NOTE
r-devel-linux-x86_64-fedora-clang 1.1.1 52.16 NOTE
r-devel-linux-x86_64-fedora-gcc 1.1.1 42.18 NOTE
r-devel-windows-ix86+x86_64 1.1.1 6.00 47.00 53.00 NOTE
r-devel-windows-x86_64-gcc10-UCRT 1.1.1 NOTE
r-patched-linux-x86_64 1.1.1 3.19 30.91 34.10 OK
r-patched-solaris-x86 1.1.1 56.90 OK
r-release-linux-x86_64 1.1.1 2.70 30.47 33.17 OK
r-release-macos-x86_64 1.1.1 OK
r-release-windows-ix86+x86_64 1.1.1 5.00 49.00 54.00 OK
r-oldrel-macos-x86_64 1.1.1 OK
r-oldrel-windows-ix86+x86_64 1.1.1 4.00 34.00 38.00 OK

Check Details

Version: 1.1.1
Check: LazyData
Result: NOTE
     'LazyData' is specified without a 'data' directory
Flavors: r-devel-linux-x86_64-debian-clang, r-devel-linux-x86_64-debian-gcc, r-devel-linux-x86_64-fedora-clang, r-devel-linux-x86_64-fedora-gcc, r-devel-windows-ix86+x86_64, r-devel-windows-x86_64-gcc10-UCRT