CRAN Package Check Results for Package AdaptFitOS

Last updated on 2021-06-19 04:53:37 CEST.

Flavor Version Tinstall Tcheck Ttotal Status Flags
r-devel-linux-x86_64-debian-clang 0.67 13.75 96.95 110.70 NOTE
r-devel-linux-x86_64-debian-gcc 0.67 10.49 73.66 84.15 NOTE
r-devel-linux-x86_64-fedora-clang 0.67 142.46 NOTE
r-devel-linux-x86_64-fedora-gcc 0.67 128.72 NOTE
r-devel-windows-x86_64 0.67 21.00 87.00 108.00 OK
r-devel-windows-x86_64-gcc10-UCRT 0.67 NOTE
r-patched-linux-x86_64 0.67 15.05 91.63 106.68 NOTE
r-patched-solaris-x86 0.67 179.40 OK
r-release-linux-x86_64 0.67 13.26 93.64 106.90 NOTE
r-release-macos-arm64 0.67 OK
r-release-macos-x86_64 0.67 OK
r-release-windows-ix86+x86_64 0.67 30.00 138.00 168.00 OK
r-oldrel-macos-x86_64 0.67 OK
r-oldrel-windows-ix86+x86_64 0.67 21.00 143.00 164.00 OK

Check Details

Version: 0.67
Check: Rd cross-references
Result: NOTE
    Unknown package 'AdaptFit' in Rd xrefs
Flavors: r-devel-linux-x86_64-debian-clang, r-devel-linux-x86_64-debian-gcc, r-devel-linux-x86_64-fedora-gcc, r-devel-windows-x86_64-gcc10-UCRT, r-patched-linux-x86_64, r-release-linux-x86_64

Version: 0.67
Check: Rd cross-references
Result: NOTE
    Undeclared packages ‘locfit’, ‘AdaptFit’ in Rd xrefs
    Unknown package ‘AdaptFit’ in Rd xrefs
Flavor: r-devel-linux-x86_64-fedora-clang