Last updated on 2022-08-12 19:53:00 CEST.
Flavor | Version | Tinstall | Tcheck | Ttotal | Status | Flags |
---|---|---|---|---|---|---|
r-devel-linux-x86_64-debian-clang | 0.7.18 | 1.81 | 29.05 | 30.86 | NOTE | |
r-devel-linux-x86_64-debian-gcc | 0.7.18 | 1.88 | 21.98 | 23.86 | NOTE | |
r-devel-linux-x86_64-fedora-clang | 0.7.18 | 49.35 | NOTE | |||
r-devel-linux-x86_64-fedora-gcc | 0.7.18 | 48.61 | NOTE | |||
r-devel-windows-x86_64 | 0.7.18 | 6.00 | 51.00 | 57.00 | NOTE | |
r-patched-linux-x86_64 | 0.7.18 | 2.17 | 28.06 | 30.23 | NOTE | |
r-release-linux-x86_64 | 0.7.18 | 1.97 | 27.93 | 29.90 | NOTE | |
r-release-macos-arm64 | 0.7.18 | 15.00 | NOTE | |||
r-release-macos-x86_64 | 0.7.18 | 22.00 | NOTE | |||
r-release-windows-x86_64 | 0.7.18 | 5.00 | 48.00 | 53.00 | NOTE | |
r-oldrel-macos-arm64 | 0.7.18 | 19.00 | NOTE | |||
r-oldrel-macos-x86_64 | 0.7.18 | 28.00 | NOTE | |||
r-oldrel-windows-ix86+x86_64 | 0.7.18 | 5.00 | 41.00 | 46.00 | NOTE |
Version: 0.7.18
Check: LazyData
Result: NOTE
'LazyData' is specified without a 'data' directory
Flavors: r-devel-linux-x86_64-debian-clang, r-devel-linux-x86_64-debian-gcc, r-devel-linux-x86_64-fedora-clang, r-devel-linux-x86_64-fedora-gcc, r-devel-windows-x86_64, r-patched-linux-x86_64, r-release-linux-x86_64, r-release-macos-arm64, r-release-macos-x86_64, r-release-windows-x86_64, r-oldrel-macos-arm64, r-oldrel-macos-x86_64, r-oldrel-windows-ix86+x86_64