Last updated on 2023-02-05 16:52:32 CET.
Flavor | Version | Tinstall | Tcheck | Ttotal | Status | Flags |
---|---|---|---|---|---|---|
r-devel-linux-x86_64-debian-clang | 0.7.18 | 2.84 | 28.38 | 31.22 | NOTE | |
r-devel-linux-x86_64-debian-gcc | 0.7.18 | 1.74 | 21.55 | 23.29 | NOTE | |
r-devel-linux-x86_64-fedora-clang | 0.7.18 | 39.13 | NOTE | |||
r-devel-linux-x86_64-fedora-gcc | 0.7.18 | 38.62 | NOTE | |||
r-devel-windows-x86_64 | 0.7.18 | 13.00 | 51.00 | 64.00 | NOTE | |
r-patched-linux-x86_64 | 0.7.18 | 2.29 | 28.36 | 30.65 | NOTE | |
r-release-linux-x86_64 | 0.7.18 | 2.29 | 28.87 | 31.16 | NOTE | |
r-release-macos-arm64 | 0.7.18 | 15.00 | NOTE | |||
r-release-macos-x86_64 | 0.7.18 | 22.00 | NOTE | |||
r-release-windows-x86_64 | 0.7.18 | 5.00 | 48.00 | 53.00 | NOTE | |
r-oldrel-macos-arm64 | 0.7.18 | 19.00 | NOTE | |||
r-oldrel-macos-x86_64 | 0.7.18 | 28.00 | NOTE | |||
r-oldrel-windows-ix86+x86_64 | 0.7.18 | 5.00 | 41.00 | 46.00 | NOTE |
Version: 0.7.18
Check: LazyData
Result: NOTE
'LazyData' is specified without a 'data' directory
Flavors: r-devel-linux-x86_64-debian-clang, r-devel-linux-x86_64-debian-gcc, r-devel-linux-x86_64-fedora-clang, r-devel-linux-x86_64-fedora-gcc, r-devel-windows-x86_64, r-patched-linux-x86_64, r-release-linux-x86_64, r-release-macos-arm64, r-release-macos-x86_64, r-release-windows-x86_64, r-oldrel-macos-arm64, r-oldrel-macos-x86_64, r-oldrel-windows-ix86+x86_64