Last updated on 2022-08-12 20:48:54 CEST.
Flavor | Version | Tinstall | Tcheck | Ttotal | Status | Flags |
---|---|---|---|---|---|---|
r-devel-linux-x86_64-debian-clang | 2.0.1 | 16.01 | 356.95 | 372.96 | NOTE | |
r-devel-linux-x86_64-debian-gcc | 2.0.1 | 11.69 | 249.24 | 260.93 | NOTE | |
r-devel-linux-x86_64-fedora-clang | 2.0.1 | 418.20 | NOTE | |||
r-devel-linux-x86_64-fedora-gcc | 2.0.1 | 435.15 | NOTE | |||
r-devel-windows-x86_64 | 2.0.1 | 21.00 | 371.00 | 392.00 | OK | |
r-patched-linux-x86_64 | 2.0.1 | 16.26 | 324.95 | 341.21 | NOTE | |
r-release-linux-x86_64 | 2.0.1 | 14.25 | 330.00 | 344.25 | NOTE | |
r-release-macos-arm64 | 2.0.1 | 113.00 | OK | |||
r-release-macos-x86_64 | 2.0.1 | 189.00 | OK | |||
r-release-windows-x86_64 | 2.0.1 | 47.00 | 366.00 | 413.00 | OK | |
r-oldrel-macos-arm64 | 2.0.1 | 208.00 | OK | |||
r-oldrel-macos-x86_64 | 2.0.1 | 180.00 | OK | |||
r-oldrel-windows-ix86+x86_64 | 2.0.1 | 31.00 | 400.00 | 431.00 | OK |
Version: 2.0.1
Check: for non-standard things in the check directory
Result: NOTE
Found the following files/directories:
'table_AeRobiology'
Flavors: r-devel-linux-x86_64-debian-clang, r-devel-linux-x86_64-debian-gcc, r-devel-linux-x86_64-fedora-clang, r-devel-linux-x86_64-fedora-gcc, r-patched-linux-x86_64, r-release-linux-x86_64