CRAN Package Check Results for Package AeroSampleR

Last updated on 2024-02-25 04:50:58 CET.

Flavor Version Tinstall Tcheck Ttotal Status Flags
r-devel-linux-x86_64-debian-clang 0.2.0 2.45 40.03 42.48 OK
r-devel-linux-x86_64-debian-gcc 0.2.0 2.38 30.81 33.19 OK
r-devel-linux-x86_64-fedora-clang 0.2.0 58.47 NOTE
r-devel-linux-x86_64-fedora-gcc 0.2.0 67.64 NOTE
r-devel-windows-x86_64 0.2.0 4.00 54.00 58.00 OK
r-patched-linux-x86_64 0.2.0 2.35 38.62 40.97 OK
r-release-linux-x86_64 0.2.0 2.66 38.76 41.42 OK
r-release-macos-arm64 0.2.0 28.00 OK
r-release-macos-x86_64 0.2.0 44.00 OK
r-release-windows-x86_64 0.2.0 5.00 58.00 63.00 OK
r-oldrel-macos-arm64 0.2.0 25.00 OK
r-oldrel-windows-x86_64 0.2.0 5.00 81.00 86.00 OK

Check Details

Version: 0.2.0
Check: dependencies in R code
Result: NOTE Namespace in Imports field not imported from: ‘flextable’ All declared Imports should be used. Flavors: r-devel-linux-x86_64-fedora-clang, r-devel-linux-x86_64-fedora-gcc