Last updated on 2023-02-09 13:00:10 CET.
Flavor | Version | Tinstall | Tcheck | Ttotal | Status | Flags |
---|---|---|---|---|---|---|
r-devel-linux-x86_64-debian-clang | 0.1.1 | 4.77 | 45.11 | 49.88 | NOTE | |
r-devel-linux-x86_64-debian-gcc | 0.1.1 | 4.03 | 33.93 | 37.96 | NOTE | |
r-devel-linux-x86_64-fedora-clang | 0.1.1 | 61.95 | NOTE | |||
r-devel-linux-x86_64-fedora-gcc | 0.1.1 | 58.63 | NOTE | |||
r-devel-windows-x86_64 | 0.1.1 | 13.00 | 75.00 | 88.00 | NOTE | |
r-patched-linux-x86_64 | 0.1.1 | 5.00 | 42.97 | 47.97 | NOTE | |
r-release-linux-x86_64 | 0.1.1 | 4.90 | 43.60 | 48.50 | NOTE | |
r-release-macos-arm64 | 0.1.1 | 22.00 | NOTE | |||
r-release-macos-x86_64 | 0.1.1 | 31.00 | NOTE | |||
r-release-windows-x86_64 | 0.1.1 | 12.00 | 81.00 | 93.00 | NOTE | |
r-oldrel-macos-arm64 | 0.1.1 | 26.00 | NOTE | |||
r-oldrel-macos-x86_64 | 0.1.1 | 37.00 | NOTE | |||
r-oldrel-windows-ix86+x86_64 | 0.1.1 | 11.00 | 64.00 | 75.00 | NOTE |
Version: 0.1.1
Check: LazyData
Result: NOTE
'LazyData' is specified without a 'data' directory
Flavors: r-devel-linux-x86_64-debian-clang, r-devel-linux-x86_64-debian-gcc, r-devel-linux-x86_64-fedora-clang, r-devel-linux-x86_64-fedora-gcc, r-devel-windows-x86_64, r-patched-linux-x86_64, r-release-linux-x86_64, r-release-macos-arm64, r-release-macos-x86_64, r-release-windows-x86_64, r-oldrel-macos-arm64, r-oldrel-macos-x86_64, r-oldrel-windows-ix86+x86_64