CRAN Package Check Results for Package AggregateR

Last updated on 2021-12-09 01:50:08 CET.

Flavor Version Tinstall Tcheck Ttotal Status Flags
r-devel-linux-x86_64-debian-clang 0.1.1 3.82 45.96 49.78 NOTE
r-devel-linux-x86_64-debian-gcc 0.1.1 3.04 35.06 38.10 NOTE
r-devel-linux-x86_64-fedora-clang 0.1.1 61.85 NOTE
r-devel-linux-x86_64-fedora-gcc 0.1.1 53.09 NOTE
r-devel-windows-x86_64-new-UL 0.1.1 8.00 77.00 85.00 NOTE
r-devel-windows-x86_64-new-TK 0.1.1 NOTE
r-devel-windows-x86_64-old 0.1.1 6.00 57.00 63.00 NOTE
r-patched-linux-x86_64 0.1.1 3.63 45.39 49.02 NOTE
r-release-linux-x86_64 0.1.1 3.47 43.90 47.37 NOTE
r-release-macos-arm64 0.1.1 NOTE
r-release-macos-x86_64 0.1.1 NOTE
r-release-windows-ix86+x86_64 0.1.1 6.00 53.00 59.00 NOTE
r-oldrel-macos-x86_64 0.1.1 OK
r-oldrel-windows-ix86+x86_64 0.1.1 8.00 54.00 62.00 OK

Check Details

Version: 0.1.1
Check: LazyData
Result: NOTE
     'LazyData' is specified without a 'data' directory
Flavors: r-devel-linux-x86_64-debian-clang, r-devel-linux-x86_64-debian-gcc, r-devel-linux-x86_64-fedora-clang, r-devel-linux-x86_64-fedora-gcc, r-devel-windows-x86_64-new-UL, r-devel-windows-x86_64-new-TK, r-devel-windows-x86_64-old, r-patched-linux-x86_64, r-release-linux-x86_64, r-release-macos-arm64, r-release-macos-x86_64, r-release-windows-ix86+x86_64