CRAN Package Check Results for Package AggregateR

Last updated on 2024-04-16 02:53:31 CEST.

Flavor Version Tinstall Tcheck Ttotal Status Flags
r-devel-linux-x86_64-debian-clang 0.1.1 4.23 44.38 48.61 NOTE
r-devel-linux-x86_64-debian-gcc 0.1.1 3.42 32.85 36.27 NOTE
r-devel-linux-x86_64-fedora-clang 0.1.1 61.65 NOTE
r-devel-linux-x86_64-fedora-gcc 0.1.1 63.86 NOTE
r-prerel-macos-arm64 0.1.1 23.00 NOTE
r-prerel-windows-x86_64 0.1.1 4.00 55.00 59.00 NOTE
r-patched-linux-x86_64 0.1.1 4.50 42.13 46.63 NOTE
r-release-linux-x86_64 0.1.1 5.16 41.59 46.75 NOTE
r-release-macos-arm64 0.1.1 23.00 NOTE
r-release-macos-x86_64 0.1.1 33.00 NOTE
r-release-windows-x86_64 0.1.1 7.00 60.00 67.00 NOTE
r-oldrel-macos-arm64 0.1.1 22.00 NOTE
r-oldrel-windows-x86_64 0.1.1 6.00 63.00 69.00 NOTE

Check Details

Version: 0.1.1
Check: LazyData
Result: NOTE 'LazyData' is specified without a 'data' directory Flavors: r-devel-linux-x86_64-debian-clang, r-devel-linux-x86_64-debian-gcc, r-devel-linux-x86_64-fedora-clang, r-devel-linux-x86_64-fedora-gcc, r-prerel-macos-arm64, r-prerel-windows-x86_64, r-patched-linux-x86_64, r-release-linux-x86_64, r-release-macos-arm64, r-release-macos-x86_64, r-release-windows-x86_64, r-oldrel-macos-arm64, r-oldrel-windows-x86_64