CRAN Package Check Results for Package AggregateR

Last updated on 2022-08-09 00:51:18 CEST.

Flavor Version Tinstall Tcheck Ttotal Status Flags
r-devel-linux-x86_64-debian-clang 0.1.1 5.51 47.05 52.56 NOTE
r-devel-linux-x86_64-debian-gcc 0.1.1 4.03 33.96 37.99 NOTE
r-devel-linux-x86_64-fedora-clang 0.1.1 72.65 NOTE
r-devel-linux-x86_64-fedora-gcc 0.1.1 69.95 NOTE
r-devel-windows-x86_64 0.1.1 11.00 67.00 78.00 NOTE
r-patched-linux-x86_64 0.1.1 4.01 42.55 46.56 NOTE
r-release-linux-x86_64 0.1.1 NOTE
r-release-macos-arm64 0.1.1 22.00 NOTE
r-release-macos-x86_64 0.1.1 31.00 NOTE
r-release-windows-x86_64 0.1.1 17.00 72.00 89.00 NOTE
r-oldrel-macos-arm64 0.1.1 26.00 NOTE
r-oldrel-macos-x86_64 0.1.1 37.00 NOTE
r-oldrel-windows-ix86+x86_64 0.1.1 11.00 63.00 74.00 NOTE

Check Details

Version: 0.1.1
Check: LazyData
Result: NOTE
     'LazyData' is specified without a 'data' directory
Flavors: r-devel-linux-x86_64-debian-clang, r-devel-linux-x86_64-debian-gcc, r-devel-linux-x86_64-fedora-clang, r-devel-linux-x86_64-fedora-gcc, r-devel-windows-x86_64, r-patched-linux-x86_64, r-release-linux-x86_64, r-release-macos-arm64, r-release-macos-x86_64, r-release-windows-x86_64, r-oldrel-macos-arm64, r-oldrel-macos-x86_64, r-oldrel-windows-ix86+x86_64