CRAN Package Check Results for Package Ake

Last updated on 2021-04-17 18:49:47 CEST.

Flavor Version Tinstall Tcheck Ttotal Status Flags
r-devel-linux-x86_64-debian-clang 1.0 2.48 29.05 31.53 NOTE
r-devel-linux-x86_64-debian-gcc 1.0 2.24 22.01 24.25 NOTE
r-devel-linux-x86_64-fedora-clang 1.0 47.59 NOTE
r-devel-linux-x86_64-fedora-gcc 1.0 37.50 NOTE
r-devel-windows-ix86+x86_64 1.0 5.00 43.00 48.00 NOTE
r-devel-windows-x86_64-gcc10-UCRT 1.0 NOTE
r-patched-linux-x86_64 1.0 2.70 27.12 29.82 NOTE
r-patched-solaris-x86 1.0 54.70 NOTE
r-release-linux-x86_64 1.0 2.13 28.15 30.28 NOTE
r-release-macos-x86_64 1.0 NOTE
r-release-windows-ix86+x86_64 1.0 5.00 41.00 46.00 NOTE
r-oldrel-macos-x86_64 1.0 NOTE
r-oldrel-windows-ix86+x86_64 1.0 4.00 44.00 48.00 NOTE

Check Details

Version: 1.0
Check: R code for possible problems
Result: NOTE
    dke.fun.default: no visible global function definition for 'hist'
    kef: no visible global function definition for 'dbinom'
    kef: no visible global function definition for 'dgamma'
    kef: no visible global function definition for 'dlnorm'
    plot.dke.fun: no visible global function definition for 'hist'
    plot.dke.fun: no visible global function definition for 'lines'
    plot.hcvc.fun1d: no visible global function definition for
     'plot.default'
    plot.hcvd.fun1d: no visible global function definition for
     'plot.default'
    plot.kern.fun1d: no visible global function definition for
     'plot.default'
    plot.kpmfe.fun1d: no visible global function definition for
     'plot.default'
    plot.reg.fun1d: no visible global function definition for
     'plot.default'
    simp_int: no visible global function definition for 'approx'
    Undefined global functions or variables:
     approx dbinom dgamma dlnorm hist lines plot.default
    Consider adding
     importFrom("graphics", "hist", "lines", "plot.default")
     importFrom("stats", "approx", "dbinom", "dgamma", "dlnorm")
    to your NAMESPACE file.
Flavors: r-devel-linux-x86_64-debian-clang, r-devel-linux-x86_64-debian-gcc, r-devel-linux-x86_64-fedora-clang, r-devel-linux-x86_64-fedora-gcc, r-devel-windows-ix86+x86_64, r-devel-windows-x86_64-gcc10-UCRT, r-patched-linux-x86_64, r-patched-solaris-x86, r-release-linux-x86_64, r-release-macos-x86_64, r-release-windows-ix86+x86_64, r-oldrel-macos-x86_64, r-oldrel-windows-ix86+x86_64