Last updated on 2023-12-02 18:53:34 CET.
Flavor | Version | Tinstall | Tcheck | Ttotal | Status | Flags |
---|---|---|---|---|---|---|
r-devel-linux-x86_64-debian-clang | 1.0.1 | 2.49 | 30.55 | 33.04 | NOTE | |
r-devel-linux-x86_64-debian-gcc | 1.0.1 | 1.82 | 23.36 | 25.18 | NOTE | |
r-devel-linux-x86_64-fedora-clang | 1.0.1 | 41.40 | OK | |||
r-devel-linux-x86_64-fedora-gcc | 1.0.1 | 40.52 | OK | |||
r-devel-windows-x86_64 | 1.0.1 | 3.00 | 45.00 | 48.00 | OK | |
r-patched-linux-x86_64 | 1.0.1 | 3.29 | 29.51 | 32.80 | OK | |
r-release-linux-x86_64 | 1.0.1 | 2.79 | 29.72 | 32.51 | OK | |
r-release-macos-arm64 | 1.0.1 | 16.00 | OK | |||
r-release-macos-x86_64 | 1.0.1 | 22.00 | OK | |||
r-release-windows-x86_64 | 1.0.1 | 4.00 | 45.00 | 49.00 | OK | |
r-oldrel-macos-arm64 | 1.0.1 | 17.00 | OK | |||
r-oldrel-macos-x86_64 | 1.0.1 | 26.00 | OK | |||
r-oldrel-windows-x86_64 | 1.0.1 | 4.00 | 48.00 | 52.00 | OK |
Version: 1.0.1
Check: Rd files
Result: NOTE
checkRd: (-1) plot.dke.fun.Rd:33: Lost braces; missing escapes or markup?
33 | \item{las}{ Numeric in {0,1,2,3}; the style of axis labels.
| ^
Flavors: r-devel-linux-x86_64-debian-clang, r-devel-linux-x86_64-debian-gcc