Last updated on 2023-02-01 23:45:30 CET.
Flavor | Version | Tinstall | Tcheck | Ttotal | Status | Flags |
---|---|---|---|---|---|---|
r-devel-linux-x86_64-debian-clang | 2.0.0 | 71.21 | 39.68 | 110.89 | OK | |
r-devel-linux-x86_64-debian-gcc | 2.0.0 | 64.50 | 30.67 | 95.17 | OK | |
r-devel-linux-x86_64-fedora-clang | 2.0.0 | 152.17 | OK | |||
r-devel-linux-x86_64-fedora-gcc | 2.0.0 | 167.86 | OK | |||
r-devel-windows-x86_64 | 2.0.0 | 293.00 | 7.00 | 300.00 | ERROR | |
r-patched-linux-x86_64 | 2.0.0 | 61.59 | 39.13 | 100.72 | OK | |
r-release-linux-x86_64 | 2.0.0 | 55.78 | 40.27 | 96.05 | OK | |
r-release-macos-arm64 | 2.0.0 | 47.00 | NOTE | |||
r-release-macos-x86_64 | 2.0.0 | 58.00 | NOTE | |||
r-release-windows-x86_64 | 2.0.0 | 218.00 | 102.00 | 320.00 | OK | |
r-oldrel-macos-arm64 | 2.0.0 | 47.00 | NOTE | |||
r-oldrel-macos-x86_64 | 2.0.0 | 65.00 | NOTE | |||
r-oldrel-windows-ix86+x86_64 | 2.0.0 | 176.00 | 97.00 | 273.00 | WARN |
Version: 2.0.0
Check: whether package can be installed
Result: ERROR
Installation failed.
Flavor: r-devel-windows-x86_64
Version: 2.0.0
Check: installed package size
Result: NOTE
installed size is 13.3Mb
sub-directories of 1Mb or more:
libs 13.2Mb
Flavors: r-release-macos-arm64, r-release-macos-x86_64, r-oldrel-macos-arm64, r-oldrel-macos-x86_64
Version: 2.0.0
Check: whether package can be installed
Result: WARN
Found the following significant warnings:
d:/RCompile/CRANpkg/lib/4.1/BH/include/boost/container/detail/copy_move_algo.hpp:226:19: warning: 'void* memmove(void*, const void*, size_t)' writing to an object of type 'value_type' {aka 'struct std::pair<CGAL::internal::CC_iterator<CGAL::Compact_container<CGAL::Fixed_alpha_shape_cell_base_3<CGAL::Epick, CGAL::Delaunay_triangulation_cell_base_3<CGAL::Epick, CGAL::Triangulation_cell_base_3<CGAL::Epick, CGAL::Triangulation_ds_cell_base_3<CGAL::Triangulation_data_structure_3<CGAL::Fixed_alpha_shape_vertex_base_3<CGAL::Epick>, CGAL::Fixed_alpha_shape_cell_base_3<CGAL::Epick> > > > > >, CGAL::Default, CGAL::Default, CGAL::Default>, false>, int>'} with no trivial copy-assignment; use copy-assignment or copy-initialization instead [-Wclass-memaccess]
d:/RCompile/CRANpkg/lib/4.1/BH/include/boost/container/detail/copy_move_algo.hpp:226:19: warning: 'void* memmove(void*, const void*, size_t)' writing to an object of type 'value_type' {aka 'struct std::pair<CGAL::internal::CC_iterator<CGAL::Compact_container<CGAL::Alpha_shape_cell_base_3<CGAL::Epick, CGAL::Delaunay_triangulation_cell_base_3<CGAL::Epick, CGAL::Triangulation_cell_base_3<CGAL::Epick, CGAL::Triangulation_ds_cell_base_3<CGAL::Triangulation_data_structure_3<CGAL::Alpha_shape_vertex_base_3<CGAL::Epick>, CGAL::Alpha_shape_cell_base_3<CGAL::Epick> > > > >, CGAL::Boolean_tag<false>, CGAL::Boolean_tag<false> >, CGAL::Default, CGAL::Default, CGAL::Default>, false>, int>'} with no trivial copy-assignment; use copy-assignment or copy-initialization instead [-Wclass-memaccess]
Flavor: r-oldrel-windows-ix86+x86_64