Last updated on 2022-07-04 07:48:49 CEST.
Flavor | Version | Tinstall | Tcheck | Ttotal | Status | Flags |
---|---|---|---|---|---|---|
r-devel-linux-x86_64-debian-clang | 1.2 | 286.55 | 101.88 | 388.43 | OK | |
r-devel-linux-x86_64-debian-gcc | 1.2 | 245.77 | 68.54 | 314.31 | OK | |
r-devel-linux-x86_64-fedora-clang | 1.2 | 596.63 | NOTE | |||
r-devel-linux-x86_64-fedora-gcc | 1.2 | 516.97 | OK | |||
r-devel-windows-x86_64 | 1.2 | 270.00 | 152.00 | 422.00 | OK | |
r-patched-linux-x86_64 | 1.2 | 256.43 | 86.91 | 343.34 | OK | |
r-release-linux-x86_64 | 1.2 | 242.48 | 86.30 | 328.78 | OK | |
r-release-macos-arm64 | 1.2 | 114.00 | NOTE | |||
r-release-macos-x86_64 | 1.2 | 160.00 | NOTE | |||
r-release-windows-x86_64 | 1.2 | 296.00 | 151.00 | 447.00 | OK | |
r-oldrel-macos-arm64 | 1.2 | 113.00 | NOTE | |||
r-oldrel-macos-x86_64 | 1.2 | 164.00 | NOTE | |||
r-oldrel-windows-ix86+x86_64 | 1.2 | 671.00 | 160.00 | 831.00 | NOTE |
Version: 1.2
Check: installed package size
Result: NOTE
installed size is 14.2Mb
sub-directories of 1Mb or more:
libs 13.0Mb
Flavors: r-devel-linux-x86_64-fedora-clang, r-release-macos-arm64, r-release-macos-x86_64, r-oldrel-macos-arm64, r-oldrel-macos-x86_64, r-oldrel-windows-ix86+x86_64