CRAN Package Check Results for Package AmericanCallOpt

Last updated on 2020-08-07 20:46:39 CEST.

Flavor Version Tinstall Tcheck Ttotal Status Flags
r-devel-linux-x86_64-debian-clang 0.95 2.28 20.79 23.07 NOTE
r-devel-linux-x86_64-debian-gcc 0.95 1.87 16.19 18.06 NOTE
r-devel-linux-x86_64-fedora-clang 0.95 36.31 NOTE
r-devel-linux-x86_64-fedora-gcc 0.95 27.76 NOTE
r-devel-windows-ix86+x86_64 0.95 8.00 39.00 47.00 NOTE
r-patched-linux-x86_64 0.95 2.38 20.74 23.12 NOTE
r-patched-solaris-x86 0.95 43.00 NOTE
r-release-linux-x86_64 0.95 2.14 20.92 23.06 NOTE
r-release-macos-x86_64 0.95 NOTE
r-release-windows-ix86+x86_64 0.95 4.00 28.00 32.00 NOTE
r-oldrel-macos-x86_64 0.95 NOTE
r-oldrel-windows-ix86+x86_64 0.95 5.00 37.00 42.00 NOTE

Check Details

Version: 0.95
Check: DESCRIPTION meta-information
Result: NOTE
    Malformed Title field: should not end in a period.
Flavors: r-devel-linux-x86_64-debian-clang, r-devel-linux-x86_64-debian-gcc, r-devel-linux-x86_64-fedora-clang, r-devel-linux-x86_64-fedora-gcc, r-devel-windows-ix86+x86_64, r-patched-linux-x86_64, r-patched-solaris-x86, r-release-linux-x86_64, r-release-macos-x86_64, r-release-windows-ix86+x86_64, r-oldrel-macos-x86_64, r-oldrel-windows-ix86+x86_64