CRAN Package Check Results for Package AmostraBrasil

Last updated on 2019-06-16 10:46:21 CEST.

Flavor Version Tinstall Tcheck Ttotal Status Flags
r-devel-linux-x86_64-debian-clang 1.2 4.34 35.91 40.25 NOTE
r-devel-linux-x86_64-debian-gcc 1.2 3.86 29.16 33.02 NOTE
r-devel-linux-x86_64-fedora-clang 1.2 52.04 NOTE
r-devel-linux-x86_64-fedora-gcc 1.2 48.43 NOTE
r-devel-windows-ix86+x86_64 1.2 12.00 60.00 72.00 OK
r-patched-linux-x86_64 1.2 3.43 35.88 39.31 OK
r-patched-solaris-x86 1.2 113.70 NOTE
r-release-linux-x86_64 1.2 4.33 36.03 40.36 OK
r-release-windows-ix86+x86_64 1.2 8.00 86.00 94.00 OK
r-release-osx-x86_64 1.2 NOTE
r-oldrel-windows-ix86+x86_64 1.2 5.00 69.00 74.00 OK
r-oldrel-osx-x86_64 1.2 NOTE

Check Details

Version: 1.2
Check: for non-standard things in the check directory
Result: NOTE
    Found the following files/directories:
     'Pindoba_domicilios.dbf' 'Pindoba_geo.dbf'
Flavors: r-devel-linux-x86_64-debian-clang, r-devel-linux-x86_64-debian-gcc, r-devel-linux-x86_64-fedora-clang, r-devel-linux-x86_64-fedora-gcc

Version: 1.2
Check: data for non-ASCII characters
Result: NOTE
     Note: found 2380 marked UTF-8 strings
Flavors: r-devel-linux-x86_64-fedora-clang, r-devel-linux-x86_64-fedora-gcc, r-patched-solaris-x86, r-release-osx-x86_64, r-oldrel-osx-x86_64