CRAN Package Check Results for Package AmostraBrasil

Last updated on 2020-07-04 14:48:05 CEST.

Flavor Version Tinstall Tcheck Ttotal Status Flags
r-devel-linux-x86_64-debian-clang 1.2 4.45 39.16 43.61 NOTE
r-devel-linux-x86_64-debian-gcc 1.2 3.72 31.51 35.23 NOTE
r-devel-linux-x86_64-fedora-clang 1.2 64.97 NOTE
r-devel-linux-x86_64-fedora-gcc 1.2 56.09 NOTE
r-devel-windows-ix86+x86_64 1.2 12.00 80.00 92.00 OK
r-patched-linux-x86_64 1.2 4.75 38.89 43.64 NOTE
r-patched-solaris-x86 1.2 122.10 NOTE
r-release-linux-x86_64 1.2 5.01 38.71 43.72 NOTE
r-release-osx-x86_64 1.2 NOTE
r-release-windows-ix86+x86_64 1.2 19.00 57.00 76.00 OK
r-oldrel-osx-x86_64 1.2 NOTE
r-oldrel-windows-ix86+x86_64 1.2 10.00 87.00 97.00 OK

Check Details

Version: 1.2
Check: for non-standard things in the check directory
Result: NOTE
    Found the following files/directories:
     'Pindoba_domicilios.dbf' 'Pindoba_geo.dbf'
Flavors: r-devel-linux-x86_64-debian-clang, r-devel-linux-x86_64-debian-gcc, r-devel-linux-x86_64-fedora-clang, r-devel-linux-x86_64-fedora-gcc, r-patched-linux-x86_64, r-patched-solaris-x86, r-release-linux-x86_64

Version: 1.2
Check: data for non-ASCII characters
Result: NOTE
     Note: found 2380 marked UTF-8 strings
Flavors: r-devel-linux-x86_64-fedora-clang, r-devel-linux-x86_64-fedora-gcc, r-patched-solaris-x86, r-release-osx-x86_64, r-oldrel-osx-x86_64