CRAN Package Check Results for Package AnaCoDa

Last updated on 2018-10-23 16:53:06 CEST.

Flavor Version Tinstall Tcheck Ttotal Status Flags
r-devel-linux-x86_64-debian-clang 0.1.2 239.72 180.85 420.57 OK
r-devel-linux-x86_64-debian-gcc 0.1.2 197.59 142.89 340.48 OK
r-devel-linux-x86_64-fedora-clang 0.1.2 593.55 NOTE
r-devel-linux-x86_64-fedora-gcc 0.1.2 535.56 OK
r-devel-windows-ix86+x86_64 0.1.2 629.00 413.00 1042.00 NOTE
r-patched-linux-x86_64 0.1.2 234.76 150.48 385.24 OK
r-patched-solaris-x86 0.1.2 554.40 ERROR
r-release-linux-x86_64 0.1.2 244.40 152.24 396.64 OK
r-release-windows-ix86+x86_64 0.1.2 521.00 377.00 898.00 NOTE
r-release-osx-x86_64 0.1.2 NOTE
r-oldrel-windows-ix86+x86_64 0.1.2 478.00 356.00 834.00 WARN
r-oldrel-osx-x86_64 0.1.2 NOTE

Check Details

Version: 0.1.2
Check: installed package size
Result: NOTE
     installed size is 27.3Mb
     sub-directories of 1Mb or more:
     libs 25.9Mb
Flavors: r-devel-linux-x86_64-fedora-clang, r-devel-windows-ix86+x86_64, r-release-windows-ix86+x86_64, r-release-osx-x86_64, r-oldrel-windows-ix86+x86_64, r-oldrel-osx-x86_64

Version: 0.1.2
Check: tests
Result: ERROR
     Running ‘testthat.R’ [86s/113s]
    Running the tests in ‘tests/testthat.R’ failed.
    Complete output:
     > library(testthat)
     > test_check("AnaCoDa")
     Loading required package: AnaCoDa
     Loading required package: Rcpp
     CovarianceMatrix getCovMatrix & initCovarianceMatrix --- Pass
     CovarianceMatrix setDiag --- Pass
     CovarianceMatrix getCholeskyMatrix & choleskyDecomposition --- Pass
     CovarianceMatrix getNumVariates --- Pass
     CovarianceMatrix == operator --- Pass
     ERROR: Index 11 is out of bounds. Index must be between 3 & 10
     ERROR: Index 5 is out of bounds. Index must be between 6 & 11
     Finished check IndexERROR: Index 2 is out of bounds. Index must be between 1 & 1
     Warning: Invalid index given for simulated genes, returning simulated gene 1.
     ERROR: Index 6 is out of bounds. Index must be between 1 & 4
     Warning: Invalid index given for genes, returning gene 1.
     checked mcmc.isEstimateSynthesisRate(default)
     checked mcmc.isEstimateSynthesisRate(false)
     checked mcmc.isEstimateSynthesisRate(true)
     MCMCAlgorithm is/setEstimateSynthesisRate --- Pass
     MCMCAlgorithm is/setEstimateCodonSpecificParameter --- Pass
     MCMCAlgorithm is/setEstimateHyperParameter --- Pass
     MCMCAlgorithm is/setEstimateMixtureAssignment --- Pass
     ERROR: Cannot set steps - value must be smaller than samples times thinning (maxIterations)
     MCMCAlgorithm get/setStepsToAdapt --- Pass
     MCMCAlgorithm getLogPosteriorTrace --- Pass
     ── 1. Failure: identical MCMC-ROC input with Phi, same log posterior (@testMCMCR
     `knownLogPosterior` not equal to `testLogPosterior`.
     1/1 mismatches
     [1] -828047 - -1652065 == 824018
    
     ── 2. Failure: identical MCMC-ROC input without Phi, same log posterior (@testMC
     `knownLogPosterior` not equal to `testLogPosterior`.
     1/1 mismatches
     [1] -831329 - -1661012 == 829683
    
     Parameter getMixtureAssignment --- Pass
     Parameter setMixtureAssignment --- Pass
     Parameter getMutationSelectionState --- Pass
     Parameter getNumParam --- Pass
     Parameter getNumMixtureElements --- Pass
     Parameter getStdDevSynthesisRate --- Pass
     Parameter setStdDevSynthesisRate --- Pass
     Parameter getCurrentStdDevSynthesisRateProposalWidth --- Pass
     Parameter getNumAcceptForStdDevSynthesisRate --- Pass
     Parameter getStdCspForIndex --- Pass
     Parameter getNumAcceptForCspForIndex --- Pass
     Parameter getNumMutationCategories --- Pass
     Parameter getNumSelectionCategories --- Pass
     Parameter getNumSynthesisRateCategories--- Pass
     Parameter getMutationCategory --- Pass
     Parameter getSelectionCategory --- Pass
     Parameter getMixtureElementsOfMutationCategory --- Pass
     Parameter getMixtureElementsOfSelectionCategory --- Pass
     Parameter getCategoryProbability --- Pass
     Parameter setCategoryProbability --- Pass
     Parameter getSynthesisRate --- Pass
     Parameter setSynthesisRate --- Pass
     Parameter getSynthesisRateCategory --- Pass
     Parameter getNumAcceptForSynthesisRate --- Pass
     Parameter getSynthesisRateProposalWidth --- Pass
     Parameter getCurrentSynthesisRateProposalWidth --- Pass
     Parameter initParameterSet --- Pass
     Parameter get/setGroupList --- Pass
     Parameter getGroupListSize --- Pass
     Parameter getGrouping --- Pass
     Parameter InitializeSynthesisRate --- Pass
     Parameter get/setLastIteration --- Pass
     Parameter get/setNumObservedPhiSets --- Pass
     Sequence Summary clear --- Pass
     Sequence Summary processSequence --- Pass
     Sequence Summary complimentNucleotide --- Pass
     Sequence Summary getAACountForAA(string) --- Pass
     Sequence Summary getAACountForAA(index) --- Pass
     Sequence Summary getCodonCountsForCodon(string) --- Pass
     Sequence Summary getCodonCountsForCodon(index) --- Pass
     Sequence Summary getCodonPositions(string) --- Pass
     Sequence Summary getCodonPositions(index) --- Pass
     Sequence Summary init/get/setRFPCount / getSingleRFPCount --- Pass
     Sequence Summary init/get/setSumRFPCount --- Pass
     Sequence Summary get/setPositionCodonID --- Pass
     Sequence Summary getCodonSpecificSumRFPCount(string) / setCodonSpecificSumRFPCount --- Pass
     Sequence Summary getCodonSpecificSumRFPCount(index) --- Pass
     Testing my_print, no argument.
     Testing my_print, one argument: 0.
     Testing my_print, multiple arguments: String, 0, 0.5.
    
     Utility my_print --- Pass
     Testing my_printError, no argument.
     Testing my_printError, one argument: 0.
     Testing my_printError, multiple arguments: String, 0, 0.5.
     Utility my_printError --- Pass
     ══ testthat results ═══════════════════════════════════════════════════════════
     OK: 107 SKIPPED: 0 FAILED: 2
     1. Failure: identical MCMC-ROC input with Phi, same log posterior (@testMCMCROC.R#56)
     2. Failure: identical MCMC-ROC input without Phi, same log posterior (@testMCMCROC.R#78)
    
     Error: testthat unit tests failed
     Execution halted
Flavor: r-patched-solaris-x86

Version: 0.1.2
Check: re-building of vignette outputs
Result: WARN
    Error in re-building vignettes:
     ...
    Error: processing vignette 'anacoda.Rmd' failed with diagnostics:
    undefined exports: %s!=%, %s!==%, %s+%, %s<%, %s<=%, %s==%, %s===%, %s>%, %s>=%, %stri!=%, %stri!==%, %stri+%, %stri<%, %stri<=%, %stri==%, %stri===%, %stri>%, %stri>=%, stri_datetime_add<-, stri_sub<-, stri_subset<-, stri_subset_charclass<-, stri_subset_coll<-, stri_subset_fixed<-, stri_subset_regex<-, stri_c, stri_c_list, stri_cmp, stri_cmp_eq, stri_cmp_equiv, stri_cmp_ge, stri_cmp_gt, stri_cmp_le, stri_cmp_lt, stri_cmp_neq, stri_cmp_nequiv, stri_compare, stri_conv, stri_count, stri_count_boundaries, stri_count_charclass, stri_count_coll, stri_count_fixed, stri_count_regex, stri_count_words, stri_datetime_add, stri_datetime_create, stri_datetime_fields, stri_datetime_format, stri_datetime_fstr, stri_datetime_now, stri_datetime_parse, stri_datetime_symbols, stri_detect, stri_detect_charclass, stri_detect_coll, stri_detect_fixed, stri_detect_regex, stri_dup, stri_duplicated, stri_duplicated_any, stri_enc_detect, stri_en
    Execution halted
Flavor: r-oldrel-windows-ix86+x86_64