CRAN Package Check Results for Package AnaCoDa

Last updated on 2019-02-16 22:46:14 CET.

Flavor Version Tinstall Tcheck Ttotal Status Flags
r-devel-linux-x86_64-debian-clang 0.1.2.1 227.15 160.45 387.60 OK
r-devel-linux-x86_64-debian-gcc 0.1.2.1 183.84 120.29 304.13 OK
r-devel-linux-x86_64-fedora-clang 0.1.2.1 584.69 NOTE
r-devel-linux-x86_64-fedora-gcc 0.1.2.1 515.77 OK
r-devel-windows-ix86+x86_64 0.1.2.1 744.00 393.00 1137.00 NOTE
r-patched-linux-x86_64 0.1.2.1 219.19 152.71 371.90 OK
r-patched-solaris-x86 0.1.2.1 554.10 ERROR
r-release-linux-x86_64 0.1.2.1 OK
r-release-windows-ix86+x86_64 0.1.2.1 466.00 284.00 750.00 NOTE
r-release-osx-x86_64 0.1.2.1 NOTE
r-oldrel-windows-ix86+x86_64 0.1.2.1 615.00 425.00 1040.00 NOTE
r-oldrel-osx-x86_64 0.1.2.1 NOTE

Check Details

Version: 0.1.2.1
Check: installed package size
Result: NOTE
     installed size is 24.9Mb
     sub-directories of 1Mb or more:
     libs 23.5Mb
Flavors: r-devel-linux-x86_64-fedora-clang, r-devel-windows-ix86+x86_64, r-release-windows-ix86+x86_64, r-release-osx-x86_64, r-oldrel-windows-ix86+x86_64, r-oldrel-osx-x86_64

Version: 0.1.2.1
Check: tests
Result: ERROR
     Running ‘testthat.R’ [87s/110s]
    Running the tests in ‘tests/testthat.R’ failed.
    Complete output:
     > library(testthat)
     > test_check("AnaCoDa")
     Loading required package: AnaCoDa
     Loading required package: Rcpp
     CovarianceMatrix getCovMatrix & initCovarianceMatrix --- Pass
     CovarianceMatrix setDiag --- Pass
     CovarianceMatrix getCholeskyMatrix & choleskyDecomposition --- Pass
     CovarianceMatrix getNumVariates --- Pass
     CovarianceMatrix == operator --- Pass
     ERROR: Index 11 is out of bounds. Index must be between 3 & 10
     ERROR: Index 5 is out of bounds. Index must be between 6 & 11
     Finished check IndexERROR: Index 2 is out of bounds. Index must be between 1 & 1
     Warning: Invalid index given for simulated genes, returning simulated gene 1.
     ERROR: Index 6 is out of bounds. Index must be between 1 & 4
     Warning: Invalid index given for genes, returning gene 1.
     checked mcmc.isEstimateSynthesisRate(default)
     checked mcmc.isEstimateSynthesisRate(false)
     checked mcmc.isEstimateSynthesisRate(true)
     MCMCAlgorithm is/setEstimateSynthesisRate --- Pass
     MCMCAlgorithm is/setEstimateCodonSpecificParameter --- Pass
     MCMCAlgorithm is/setEstimateHyperParameter --- Pass
     MCMCAlgorithm is/setEstimateMixtureAssignment --- Pass
     ERROR: Cannot set steps - value must be smaller than samples times thinning (maxIterations)
     MCMCAlgorithm get/setStepsToAdapt --- Pass
     MCMCAlgorithm getLogPosteriorTrace --- Pass
     ── 1. Failure: identical MCMC-ROC input with Phi, same log posterior (@testMCMCR
     `knownLogPosterior` not equal to `testLogPosterior`.
     1/1 mismatches
     [1] -828047 - -1652065 == 824018
    
     ── 2. Failure: identical MCMC-ROC input without Phi, same log posterior (@testMC
     `knownLogPosterior` not equal to `testLogPosterior`.
     1/1 mismatches
     [1] -831329 - -1661012 == 829683
    
     Parameter getMixtureAssignment --- Pass
     Parameter setMixtureAssignment --- Pass
     Parameter getMutationSelectionState --- Pass
     Parameter getNumParam --- Pass
     Parameter getNumMixtureElements --- Pass
     Parameter getStdDevSynthesisRate --- Pass
     Parameter setStdDevSynthesisRate --- Pass
     Parameter getCurrentStdDevSynthesisRateProposalWidth --- Pass
     Parameter getNumAcceptForStdDevSynthesisRate --- Pass
     Parameter getStdCspForIndex --- Pass
     Parameter getNumAcceptForCspForIndex --- Pass
     Parameter getNumMutationCategories --- Pass
     Parameter getNumSelectionCategories --- Pass
     Parameter getNumSynthesisRateCategories--- Pass
     Parameter getMutationCategory --- Pass
     Parameter getSelectionCategory --- Pass
     Parameter getMixtureElementsOfMutationCategory --- Pass
     Parameter getMixtureElementsOfSelectionCategory --- Pass
     Parameter getCategoryProbability --- Pass
     Parameter setCategoryProbability --- Pass
     Parameter getSynthesisRate --- Pass
     Parameter setSynthesisRate --- Pass
     Parameter getSynthesisRateCategory --- Pass
     Parameter getNumAcceptForSynthesisRate --- Pass
     Parameter getSynthesisRateProposalWidth --- Pass
     Parameter getCurrentSynthesisRateProposalWidth --- Pass
     Parameter initParameterSet --- Pass
     Parameter get/setGroupList --- Pass
     Parameter getGroupListSize --- Pass
     Parameter getGrouping --- Pass
     Parameter InitializeSynthesisRate --- Pass
     Parameter get/setLastIteration --- Pass
     Parameter get/setNumObservedPhiSets --- Pass
     Sequence Summary clear --- Pass
     Sequence Summary processSequence --- Pass
     Sequence Summary complimentNucleotide --- Pass
     Sequence Summary getAACountForAA(string) --- Pass
     Sequence Summary getAACountForAA(index) --- Pass
     Sequence Summary getCodonCountsForCodon(string) --- Pass
     Sequence Summary getCodonCountsForCodon(index) --- Pass
     Sequence Summary getCodonPositions(string) --- Pass
     Sequence Summary getCodonPositions(index) --- Pass
     Sequence Summary init/get/setRFPCount / getSingleRFPCount --- Pass
     Sequence Summary init/get/setSumRFPCount --- Pass
     Sequence Summary get/setPositionCodonID --- Pass
     Sequence Summary getCodonSpecificSumRFPCount(string) / setCodonSpecificSumRFPCount --- Pass
     Sequence Summary getCodonSpecificSumRFPCount(index) --- Pass
     Testing my_print, no argument.
     Testing my_print, one argument: 0.
     Testing my_print, multiple arguments: String, 0, 0.5.
    
     Utility my_print --- Pass
     Testing my_printError, no argument.
     Testing my_printError, one argument: 0.
     Testing my_printError, multiple arguments: String, 0, 0.5.
     Utility my_printError --- Pass
     ══ testthat results ═══════════════════════════════════════════════════════════
     OK: 107 SKIPPED: 0 FAILED: 2
     1. Failure: identical MCMC-ROC input with Phi, same log posterior (@testMCMCROC.R#56)
     2. Failure: identical MCMC-ROC input without Phi, same log posterior (@testMCMCROC.R#78)
    
     Error: testthat unit tests failed
     Execution halted
Flavor: r-patched-solaris-x86