Last updated on 2023-12-11 00:49:00 CET.
Flavor | Version | Tinstall | Tcheck | Ttotal | Status | Flags |
---|---|---|---|---|---|---|
r-devel-linux-x86_64-debian-clang | 0.1.4.4 | 305.94 | 243.46 | 549.40 | NOTE | |
r-devel-linux-x86_64-debian-gcc | 0.1.4.4 | 219.65 | 181.75 | 401.40 | NOTE | |
r-devel-linux-x86_64-fedora-clang | 0.1.4.4 | 774.68 | NOTE | |||
r-devel-linux-x86_64-fedora-gcc | 0.1.4.4 | 774.47 | NOTE | |||
r-devel-windows-x86_64 | 0.1.4.4 | 219.00 | 229.00 | 448.00 | NOTE | |
r-patched-linux-x86_64 | 0.1.4.4 | 256.28 | 242.69 | 498.97 | NOTE | |
r-release-linux-x86_64 | 0.1.4.4 | 271.14 | 238.19 | 509.33 | NOTE | |
r-release-macos-arm64 | 0.1.4.4 | 198.00 | NOTE | |||
r-release-macos-x86_64 | 0.1.4.4 | 338.00 | NOTE | |||
r-release-windows-x86_64 | 0.1.4.4 | 280.00 | 302.00 | 582.00 | NOTE | |
r-oldrel-macos-arm64 | 0.1.4.4 | 182.00 | NOTE | |||
r-oldrel-macos-x86_64 | 0.1.4.4 | 235.00 | NOTE | |||
r-oldrel-windows-x86_64 | 0.1.4.4 | 286.00 | 275.00 | 561.00 | NOTE |
Version: 0.1.4.4
Check: C++ specification
Result: NOTE
Specified C++11: please drop specification unless essential
Flavors: r-devel-linux-x86_64-debian-clang, r-devel-linux-x86_64-debian-gcc, r-devel-linux-x86_64-fedora-clang, r-devel-linux-x86_64-fedora-gcc, r-devel-windows-x86_64, r-patched-linux-x86_64, r-release-linux-x86_64, r-release-macos-arm64, r-release-macos-x86_64, r-release-windows-x86_64
Version: 0.1.4.4
Check: LazyData
Result: NOTE
'LazyData' is specified without a 'data' directory
Flavors: r-devel-linux-x86_64-debian-clang, r-devel-linux-x86_64-debian-gcc, r-devel-linux-x86_64-fedora-clang, r-devel-linux-x86_64-fedora-gcc, r-devel-windows-x86_64, r-patched-linux-x86_64, r-release-linux-x86_64, r-release-macos-arm64, r-release-macos-x86_64, r-release-windows-x86_64, r-oldrel-macos-arm64, r-oldrel-macos-x86_64, r-oldrel-windows-x86_64
Version: 0.1.4.4
Check: installed package size
Result: NOTE
installed size is 27.3Mb
sub-directories of 1Mb or more:
libs 25.9Mb
Flavors: r-release-macos-arm64, r-release-macos-x86_64, r-oldrel-macos-arm64, r-oldrel-macos-x86_64