CRAN Package Check Results for Package AnalyzeFMRI

Last updated on 2018-05-24 01:46:13 CEST.

Flavor Version Tinstall Tcheck Ttotal Status Flags
r-devel-linux-x86_64-debian-clang 1.1-17 22.72 52.51 75.23 OK
r-devel-linux-x86_64-debian-gcc 1.1-17 18.49 45.03 63.52 OK
r-devel-linux-x86_64-fedora-clang 1.1-17 99.03 OK
r-devel-linux-x86_64-fedora-gcc 1.1-17 90.47 OK
r-devel-windows-ix86+x86_64 1.1-17 70.00 127.00 197.00 OK
r-patched-linux-x86_64 1.1-17 21.02 56.29 77.31 OK
r-patched-solaris-x86 1.1-17 123.10 OK
r-release-linux-x86_64 1.1-17 21.62 56.65 78.27 OK
r-release-windows-ix86+x86_64 1.1-17 62.00 99.00 161.00 OK
r-release-osx-x86_64 1.1-17 OK
r-oldrel-windows-ix86+x86_64 1.1-17 60.00 166.00 226.00 OK
r-oldrel-osx-x86_64 1.1-16 NOTE

Check Details

Version: 1.1-16
Check: DESCRIPTION meta-information
Result: NOTE
    Malformed Title field: should not end in a period.
Flavor: r-oldrel-osx-x86_64

Version: 1.1-16
Check: R code for possible problems
Result: NOTE
    ICAspat: no visible global function definition for ‘rnorm’
    ICAtemp: no visible global function definition for ‘rnorm’
    N2G.Class.Probability: no visible global function definition for
     ‘dnorm’
    N2G.Class.Probability: no visible global function definition for
     ‘dgamma’
    N2G.Density: no visible global function definition for ‘dnorm’
    N2G.Density: no visible global function definition for ‘dgamma’
    N2G.Fit: no visible global function definition for ‘optim’
    N2G.Likelihood.Ratio: no visible global function definition for
     ‘dgamma’
    N2G.Likelihood.Ratio: no visible global function definition for ‘dnorm’
    N2G.Region : f1: no visible global function definition for ‘dnorm’
    N2G.Region : f1: no visible global function definition for ‘dgamma’
    N2G.Region : f2: no visible global function definition for ‘dnorm’
    N2G.Region : f2: no visible global function definition for ‘dgamma’
    N2G.Region: no visible global function definition for ‘optim’
    N2G.Spatial.Mixture: no visible global function definition for ‘optim’
    Sim.3D.GammaRF: no visible global function definition for ‘qgamma’
    Sim.3D.GammaRF: no visible global function definition for ‘pnorm’
    Threshold.Bonferroni: no visible global function definition for ‘qnorm’
    Threshold.Bonferroni: no visible global function definition for ‘qt’
    Threshold.Bonferroni: no visible global function definition for ‘qf’
    Threshold.FDR: no visible global function definition for ‘pnorm’
    Threshold.FDR: no visible global function definition for ‘pt’
    Threshold.FDR: no visible global function definition for ‘pf’
    Threshold.FDR: no visible global function definition for ‘qnorm’
    Threshold.FDR: no visible global function definition for ‘qt’
    Threshold.FDR: no visible global function definition for ‘qf’
    Threshold.RF: no visible global function definition for ‘optimize’
    eigenvalues: no visible global function definition for ‘par’
    eigenvalues: no visible global function definition for ‘plot’
    eigenvalues: no visible global function definition for ‘abline’
    f.ica.fmri: no visible global function definition for ‘rnorm’
    f.icast.fmri: no visible global function definition for ‘write.table’
    f.icast.fmri: no visible global function definition for ‘dev.off’
    f.plot.ica.fmri: no visible global function definition for
     ‘heat.colors’
    f.plot.ica.fmri: no visible global function definition for ‘par’
    f.plot.ica.fmri: no visible global function definition for ‘plot’
    f.plot.ica.fmri: no visible global function definition for ‘text’
    f.plot.ica.fmri: no visible global function definition for ‘image’
    f.plot.ica.fmri: no visible global function definition for ‘box’
    f.plot.ica.fmri: no visible global function definition for ‘fft’
    f.plot.ica.fmri.jpg: no visible global function definition for
     ‘heat.colors’
    f.plot.ica.fmri.jpg: no visible global function definition for ‘jpeg’
    f.plot.ica.fmri.jpg: no visible global function definition for
     ‘dev.off’
    f.spectral.summary: no visible global function definition for ‘fft’
    f.spectral.summary: no visible global function definition for ‘median’
    f.spectral.summary: no visible binding for global variable ‘quantile’
    f.spectral.summary: no visible global function definition for ‘plot’
    f.spectral.summary: no visible global function definition for ‘axis’
    f.spectral.summary: no visible global function definition for ‘points’
    f.spectral.summary.nifti: no visible global function definition for
     ‘fft’
    f.spectral.summary.nifti: no visible global function definition for
     ‘median’
    f.spectral.summary.nifti: no visible binding for global variable
     ‘quantile’
    f.spectral.summary.nifti: no visible global function definition for
     ‘plot’
    f.spectral.summary.nifti: no visible global function definition for
     ‘axis’
    f.spectral.summary.nifti: no visible global function definition for
     ‘points’
    model.2.est.gamma: no visible global function definition for ‘optimize’
    reduction: no visible binding for global variable ‘sd’
    threeDto4D: no visible global function definition for ‘glob2rx’
    Undefined global functions or variables:
     abline axis box dev.off dgamma dnorm fft glob2rx heat.colors image
     jpeg median optim optimize par pf plot pnorm points pt qf qgamma
     qnorm qt quantile rnorm sd text write.table
    Consider adding
     importFrom("grDevices", "dev.off", "heat.colors", "jpeg")
     importFrom("graphics", "abline", "axis", "box", "image", "par", "plot",
     "points", "text")
     importFrom("stats", "dgamma", "dnorm", "fft", "median", "optim",
     "optimize", "pf", "pnorm", "pt", "qf", "qgamma", "qnorm",
     "qt", "quantile", "rnorm", "sd")
     importFrom("utils", "glob2rx", "write.table")
    to your NAMESPACE file.
Flavor: r-oldrel-osx-x86_64