CRAN Package Check Results for Package AnalyzeFMRI

Last updated on 2018-08-18 07:48:06 CEST.

Flavor Version Tinstall Tcheck Ttotal Status Flags
r-devel-linux-x86_64-debian-clang 1.1-17 22.77 57.64 80.41 OK
r-devel-linux-x86_64-debian-gcc 1.1-17 18.72 47.66 66.38 WARN
r-devel-linux-x86_64-fedora-clang 1.1-17 98.79 OK
r-devel-linux-x86_64-fedora-gcc 1.1-17 109.47 WARN
r-devel-windows-ix86+x86_64 1.1-17 57.00 130.00 187.00 OK
r-patched-linux-x86_64 1.1-17 22.66 57.46 80.12 WARN
r-patched-solaris-x86 1.1-17 140.30 OK
r-release-linux-x86_64 1.1-17 23.42 59.10 82.52 WARN
r-release-windows-ix86+x86_64 1.1-17 64.00 130.00 194.00 OK
r-release-osx-x86_64 1.1-17 OK
r-oldrel-windows-ix86+x86_64 1.1-17 44.00 137.00 181.00 OK
r-oldrel-osx-x86_64 1.1-17 OK

Check Details

Version: 1.1-17
Check: whether package can be installed
Result: WARN
    Found the following significant warnings:
     analyzeFMRI.c:948:3: warning: ‘strncat’ specified bound depends on the length of the source argument [-Wstringop-overflow=]
     analyzeFMRI.c:975:5: warning: ‘strncat’ specified bound depends on the length of the source argument [-Wstringop-overflow=]
Flavors: r-devel-linux-x86_64-debian-gcc, r-devel-linux-x86_64-fedora-gcc, r-patched-linux-x86_64, r-release-linux-x86_64