CRAN Package Check Results for Package AnalyzeFMRI

Last updated on 2019-01-22 17:50:01 CET.

Flavor Version Tinstall Tcheck Ttotal Status Flags
r-devel-linux-x86_64-debian-clang 1.1-17 26.90 66.03 92.93 OK
r-devel-linux-x86_64-debian-gcc 1.1-17 20.45 50.65 71.10 WARN
r-devel-linux-x86_64-fedora-clang 1.1-17 111.51 OK
r-devel-linux-x86_64-fedora-gcc 1.1-17 112.07 WARN
r-devel-windows-ix86+x86_64 1.1-17 63.00 149.00 212.00 OK
r-patched-linux-x86_64 1.1-17 21.61 58.86 80.47 WARN
r-patched-solaris-x86 1.1-17 139.50 OK
r-release-linux-x86_64 1.1-17 24.38 59.51 83.89 WARN
r-release-windows-ix86+x86_64 1.1-17 49.00 130.00 179.00 OK
r-release-osx-x86_64 1.1-17 OK
r-oldrel-windows-ix86+x86_64 1.1-17 60.00 110.00 170.00 OK
r-oldrel-osx-x86_64 1.1-17 OK

Check Details

Version: 1.1-17
Check: whether package can be installed
Result: WARN
    Found the following significant warnings:
     analyzeFMRI.c:948:3: warning: ‘strncat’ specified bound depends on the length of the source argument [-Wstringop-overflow=]
     analyzeFMRI.c:975:5: warning: ‘strncat’ specified bound depends on the length of the source argument [-Wstringop-overflow=]
Flavors: r-devel-linux-x86_64-debian-gcc, r-devel-linux-x86_64-fedora-gcc, r-patched-linux-x86_64, r-release-linux-x86_64