CRAN Package Check Results for Package AnalyzeFMRI

Last updated on 2019-06-16 21:46:28 CEST.

Flavor Version Tinstall Tcheck Ttotal Status Flags
r-devel-linux-x86_64-debian-clang 1.1-18 26.52 64.70 91.22 NOTE
r-devel-linux-x86_64-debian-gcc 1.1-18 19.93 52.01 71.94 NOTE
r-devel-linux-x86_64-fedora-clang 1.1-18 118.86 NOTE
r-devel-linux-x86_64-fedora-gcc 1.1-18 111.30 NOTE
r-devel-windows-ix86+x86_64 1.1-18 81.00 104.00 185.00 OK
r-patched-linux-x86_64 1.1-18 23.77 68.13 91.90 OK
r-patched-solaris-x86 1.1-18 182.60 OK
r-release-linux-x86_64 1.1-18 25.19 68.53 93.72 OK
r-release-windows-ix86+x86_64 1.1-18 55.00 129.00 184.00 OK
r-release-osx-x86_64 1.1-18 OK
r-oldrel-windows-ix86+x86_64 1.1-17 72.00 130.00 202.00 OK
r-oldrel-osx-x86_64 1.1-18 ERROR

Additional issues

LTO

Check Details

Version: 1.1-18
Check: for non-standard things in the check directory
Result: NOTE
    Found the following files/directories:
     'nifti-tmp.nii' 'temp.hdr' 'temp.img' 'temp.nii'
Flavors: r-devel-linux-x86_64-debian-clang, r-devel-linux-x86_64-debian-gcc, r-devel-linux-x86_64-fedora-clang, r-devel-linux-x86_64-fedora-gcc

Version: 1.1-18
Check: whether package can be installed
Result: ERROR
    Installation failed.
Flavor: r-oldrel-osx-x86_64