CRAN Package Check Results for Package AnalyzeFMRI

Last updated on 2019-04-22 04:51:22 CEST.

Flavor Version Tinstall Tcheck Ttotal Status Flags
r-devel-linux-x86_64-debian-clang 1.1-17 25.01 64.83 89.84 OK
r-devel-linux-x86_64-debian-gcc 1.1-17 20.00 52.08 72.08 WARN
r-devel-linux-x86_64-fedora-clang 1.1-17 124.04 OK
r-devel-linux-x86_64-fedora-gcc 1.1-17 113.27 WARN
r-devel-windows-ix86+x86_64 1.1-17 67.00 139.00 206.00 OK
r-patched-linux-x86_64 1.1-17 16.04 68.27 84.31 WARN
r-patched-solaris-x86 1.1-17 150.90 OK
r-release-linux-x86_64 1.1-17 10.96 59.52 70.48 WARN
r-release-windows-ix86+x86_64 1.1-17 49.00 139.00 188.00 OK
r-release-osx-x86_64 1.1-17 OK
r-oldrel-windows-ix86+x86_64 1.1-17 48.00 141.00 189.00 OK
r-oldrel-osx-x86_64 1.1-17 OK

Check Details

Version: 1.1-17
Check: whether package can be installed
Result: WARN
    Found the following significant warnings:
     analyzeFMRI.c:948:3: warning: ‘strncat’ specified bound depends on the length of the source argument [-Wstringop-overflow=]
     analyzeFMRI.c:975:5: warning: ‘strncat’ specified bound depends on the length of the source argument [-Wstringop-overflow=]
Flavors: r-devel-linux-x86_64-debian-gcc, r-devel-linux-x86_64-fedora-gcc, r-patched-linux-x86_64, r-release-linux-x86_64