Last updated on 2023-02-01 21:54:42 CET.
Flavor | Version | Tinstall | Tcheck | Ttotal | Status | Flags |
---|---|---|---|---|---|---|
r-devel-linux-x86_64-debian-clang | 2.0 | 5.17 | 85.27 | 90.44 | NOTE | |
r-devel-linux-x86_64-debian-gcc | 2.0 | 3.69 | 66.65 | 70.34 | NOTE | |
r-devel-linux-x86_64-fedora-clang | 2.0 | 115.59 | NOTE | |||
r-devel-linux-x86_64-fedora-gcc | 2.0 | 123.66 | NOTE | |||
r-devel-windows-x86_64 | 2.0 | 895.00 | 138.00 | 1033.00 | NOTE | |
r-patched-linux-x86_64 | 2.0 | 5.31 | 83.53 | 88.84 | OK | |
r-release-linux-x86_64 | 2.0 | 5.17 | 84.86 | 90.03 | OK | |
r-release-macos-arm64 | 2.0 | 44.00 | OK | |||
r-release-macos-x86_64 | 2.0 | 78.00 | OK | |||
r-release-windows-x86_64 | 2.0 | 488.00 | 143.00 | 631.00 | OK | |
r-oldrel-macos-arm64 | 2.0 | 51.00 | OK | |||
r-oldrel-macos-x86_64 | 2.0 | 86.00 | OK | |||
r-oldrel-windows-ix86+x86_64 | 2.0 | 14.00 | 126.00 | 140.00 | OK |
Version: 2.0
Check: Rd files
Result: NOTE
checkRd: (-1) AncestryMapper2.0-package.Rd:33: Escaped LaTeX specials: \~
checkRd: (-1) AncestryMapper2.0-package.Rd:38: Escaped LaTeX specials: \~
Flavors: r-devel-linux-x86_64-debian-clang, r-devel-linux-x86_64-debian-gcc, r-devel-linux-x86_64-fedora-clang, r-devel-linux-x86_64-fedora-gcc, r-devel-windows-x86_64