CRAN Package Check Results for Package Andromeda

Last updated on 2021-09-26 14:48:59 CEST.

Flavor Version Tinstall Tcheck Ttotal Status Flags
r-devel-linux-x86_64-debian-clang 0.5.0 7.02 79.30 86.32 OK
r-devel-linux-x86_64-debian-gcc 0.5.0 6.05 59.85 65.90 OK
r-devel-linux-x86_64-fedora-clang 0.5.0 110.49 NOTE
r-devel-linux-x86_64-fedora-gcc 0.5.0 99.19 NOTE
r-devel-windows-x86_64 0.5.0 7.00 80.00 87.00 OK
r-devel-windows-x86_64-gcc10-UCRT 0.5.0 NOTE
r-patched-linux-x86_64 0.5.0 12.00 74.93 86.93 OK
r-patched-solaris-x86 0.5.0 129.00 NOTE
r-release-linux-x86_64 0.5.0 7.84 78.27 86.11 OK
r-release-macos-arm64 0.5.0 NOTE
r-release-macos-x86_64 0.5.0 NOTE
r-release-windows-ix86+x86_64 0.5.0 18.00 115.00 133.00 OK
r-oldrel-macos-x86_64 0.5.0 NOTE
r-oldrel-windows-ix86+x86_64 0.5.0 14.00 78.00 92.00 OK

Check Details

Version: 0.5.0
Check: dependencies in R code
Result: NOTE
    Namespace in Imports field not imported from: ‘hms’
     All declared Imports should be used.
Flavors: r-devel-linux-x86_64-fedora-clang, r-devel-linux-x86_64-fedora-gcc, r-devel-windows-x86_64-gcc10-UCRT, r-patched-solaris-x86, r-release-macos-arm64, r-release-macos-x86_64, r-oldrel-macos-x86_64