CRAN Package Check Results for Package AnnoProbe

Last updated on 2024-07-18 14:48:28 CEST.

Flavor Version Tinstall Tcheck Ttotal Status Flags
r-devel-linux-x86_64-debian-clang 0.1.7 16.48 79.97 96.45 OK
r-devel-linux-x86_64-debian-gcc 0.1.7 12.24 59.86 72.10 OK
r-devel-linux-x86_64-fedora-clang 0.1.7 126.63 OK
r-devel-linux-x86_64-fedora-gcc 0.1.7 116.38 OK
r-devel-windows-x86_64 0.1.7 17.00 79.00 96.00 OK
r-patched-linux-x86_64 0.1.7 16.10 75.40 91.50 OK
r-release-linux-x86_64 0.1.7 15.03 78.04 93.07 OK
r-release-macos-arm64 0.1.7 42.00 OK
r-release-macos-x86_64 0.1.7 57.00 OK
r-release-windows-x86_64 0.1.7 17.00 79.00 96.00 OK
r-oldrel-macos-arm64 0.1.7 47.00 NOTE
r-oldrel-macos-x86_64 0.1.7 66.00 OK
r-oldrel-windows-x86_64 0.1.7 21.00 94.00 115.00 OK

Check Details

Version: 0.1.7
Check: package dependencies
Result: NOTE Package suggested but not available for checking: ‘GEOquery’ Flavor: r-oldrel-macos-arm64