CRAN Package Check Results for Package AntAngioCOOL

Last updated on 2019-09-19 02:47:43 CEST.

Flavor Version Tinstall Tcheck Ttotal Status Flags
r-devel-linux-x86_64-debian-clang 1.2 53.26 196.39 249.65 OK
r-devel-linux-x86_64-debian-gcc 1.2 49.69 156.00 205.69 OK
r-devel-linux-x86_64-fedora-clang 1.2 336.82 NOTE
r-devel-linux-x86_64-fedora-gcc 1.2 335.51 OK
r-devel-windows-ix86+x86_64 1.2 68.00 7.00 75.00 ERROR
r-patched-linux-x86_64 1.2 53.34 187.51 240.85 OK
r-release-linux-x86_64 1.2 53.65 190.72 244.37 OK
r-release-windows-ix86+x86_64 1.2 100.00 258.00 358.00 NOTE
r-release-osx-x86_64 1.2 NOTE
r-oldrel-windows-ix86+x86_64 1.2 48.00 164.00 212.00 NOTE
r-oldrel-osx-x86_64 1.2 NOTE

Check Details

Version: 1.2
Check: installed package size
Result: NOTE
     installed size is 35.4Mb
     sub-directories of 1Mb or more:
     R 35.3Mb
Flavors: r-devel-linux-x86_64-fedora-clang, r-release-windows-ix86+x86_64, r-release-osx-x86_64, r-oldrel-windows-ix86+x86_64, r-oldrel-osx-x86_64

Version: 1.2
Check: whether package can be installed
Result: ERROR
    Installation failed.
Flavor: r-devel-windows-ix86+x86_64