CRAN Package Check Results for Package AntAngioCOOL

Last updated on 2019-06-26 13:51:49 CEST.

Flavor Version Tinstall Tcheck Ttotal Status Flags
r-devel-linux-x86_64-debian-clang 1.2 59.15 196.38 255.53 OK
r-devel-linux-x86_64-debian-gcc 1.2 50.76 155.73 206.49 OK
r-devel-linux-x86_64-fedora-clang 1.2 320.04 NOTE
r-devel-linux-x86_64-fedora-gcc 1.2 314.80 OK
r-devel-windows-ix86+x86_64 1.2 135.00 169.00 304.00 NOTE
r-patched-linux-x86_64 1.2 52.84 191.08 243.92 OK
r-release-linux-x86_64 1.2 53.12 194.04 247.16 OK
r-release-windows-ix86+x86_64 1.2 101.00 241.00 342.00 NOTE
r-release-osx-x86_64 1.2 NOTE
r-oldrel-windows-ix86+x86_64 1.2 49.00 186.00 235.00 NOTE
r-oldrel-osx-x86_64 1.2 NOTE

Check Details

Version: 1.2
Check: installed package size
Result: NOTE
     installed size is 35.4Mb
     sub-directories of 1Mb or more:
     R 35.3Mb
Flavors: r-devel-linux-x86_64-fedora-clang, r-devel-windows-ix86+x86_64, r-release-windows-ix86+x86_64, r-release-osx-x86_64, r-oldrel-windows-ix86+x86_64, r-oldrel-osx-x86_64