CRAN Package Check Results for Package AntAngioCOOL

Last updated on 2021-10-17 07:50:35 CEST.

Flavor Version Tinstall Tcheck Ttotal Status Flags
r-devel-linux-x86_64-debian-clang 1.2 58.70 241.39 300.09 OK
r-devel-linux-x86_64-debian-gcc 1.2 52.96 187.60 240.56 OK
r-devel-linux-x86_64-fedora-clang 1.2 391.78 NOTE
r-devel-linux-x86_64-fedora-gcc 1.2 380.44 OK
r-devel-windows-x86_64 1.2 92.00 237.00 329.00 NOTE
r-devel-windows-x86_64-gcc10-UCRT 1.2 OK
r-patched-linux-x86_64 1.2 59.13 229.77 288.90 OK
r-release-linux-x86_64 1.2 57.79 234.77 292.56 OK
r-release-macos-arm64 1.2 NOTE
r-release-macos-x86_64 1.2 NOTE
r-release-windows-ix86+x86_64 1.2 49.00 8.00 57.00 ERROR
r-oldrel-macos-x86_64 1.2 NOTE
r-oldrel-windows-ix86+x86_64 1.2 130.00 246.00 376.00 NOTE

Check Details

Version: 1.2
Check: installed package size
Result: NOTE
     installed size is 35.4Mb
     sub-directories of 1Mb or more:
     R 35.3Mb
Flavors: r-devel-linux-x86_64-fedora-clang, r-devel-windows-x86_64, r-release-macos-arm64, r-release-macos-x86_64, r-oldrel-macos-x86_64, r-oldrel-windows-ix86+x86_64

Version: 1.2
Check: whether package can be installed
Result: ERROR
    Installation failed.
Flavor: r-release-windows-ix86+x86_64