CRAN Package Check Results for Package AntMAN

Last updated on 2021-10-19 22:53:48 CEST.

Flavor Version Tinstall Tcheck Ttotal Status Flags
r-devel-linux-x86_64-debian-clang 1.1.0 66.77 293.32 360.09 OK
r-devel-linux-x86_64-debian-gcc 1.1.0 53.44 220.91 274.35 OK
r-devel-linux-x86_64-fedora-clang 1.1.0 434.04 NOTE
r-devel-linux-x86_64-fedora-gcc 1.1.0 433.84 NOTE
r-devel-windows-x86_64 1.1.0 88.00 361.00 449.00 OK
r-devel-windows-x86_64-gcc10-UCRT 1.1.0 NOTE
r-patched-linux-x86_64 1.1.0 67.17 283.97 351.14 OK
r-release-linux-x86_64 1.1.0 60.58 284.65 345.23 OK
r-release-macos-arm64 1.1.0 NOTE
r-release-macos-x86_64 1.1.0 NOTE
r-release-windows-ix86+x86_64 1.1.0 168.00 624.00 792.00 OK
r-oldrel-macos-x86_64 1.1.0 NOTE
r-oldrel-windows-ix86+x86_64 1.1.0 167.00 630.00 797.00 OK

Check Details

Version: 1.1.0
Check: dependencies in R code
Result: NOTE
    Namespaces in Imports field not imported from:
     ‘Rdpack’ ‘mcclust’
     All declared Imports should be used.
Flavors: r-devel-linux-x86_64-fedora-clang, r-devel-linux-x86_64-fedora-gcc, r-devel-windows-x86_64-gcc10-UCRT, r-release-macos-arm64, r-release-macos-x86_64, r-oldrel-macos-x86_64

Version: 1.1.0
Check: installed package size
Result: NOTE
     installed size is 7.0Mb
     sub-directories of 1Mb or more:
     libs 6.6Mb
Flavors: r-release-macos-arm64, r-release-macos-x86_64, r-oldrel-macos-x86_64