CRAN Package Check Results for Package AntWeb

Last updated on 2019-05-26 13:46:22 CEST.

Flavor Version Tinstall Tcheck Ttotal Status Flags
r-devel-linux-x86_64-debian-clang 0.7 2.22 24.88 27.10 NOTE
r-devel-linux-x86_64-debian-gcc 0.7 2.07 20.17 22.24 NOTE
r-devel-linux-x86_64-fedora-clang 0.7 32.75 NOTE
r-devel-linux-x86_64-fedora-gcc 0.7 32.45 NOTE
r-devel-windows-ix86+x86_64 0.7 5.00 57.00 62.00 NOTE
r-patched-linux-x86_64 0.7 NOTE
r-patched-solaris-x86 0.7 53.30 NOTE
r-release-linux-x86_64 0.7 2.53 24.56 27.09 NOTE
r-release-windows-ix86+x86_64 0.7 10.00 54.00 64.00 NOTE
r-release-osx-x86_64 0.7 NOTE
r-oldrel-windows-ix86+x86_64 0.7 6.00 40.00 46.00 NOTE
r-oldrel-osx-x86_64 0.7 NOTE

Check Details

Version: 0.7
Check: R code for possible problems
Result: NOTE
    aw_map: no visible global function definition for 'browseURL'
    Undefined global functions or variables:
     browseURL
    Consider adding
     importFrom("utils", "browseURL")
    to your NAMESPACE file.
Flavors: r-devel-linux-x86_64-debian-clang, r-devel-linux-x86_64-debian-gcc, r-devel-linux-x86_64-fedora-clang, r-devel-linux-x86_64-fedora-gcc, r-devel-windows-ix86+x86_64, r-patched-linux-x86_64, r-patched-solaris-x86, r-release-linux-x86_64, r-release-windows-ix86+x86_64, r-release-osx-x86_64, r-oldrel-windows-ix86+x86_64, r-oldrel-osx-x86_64