CRAN Package Check Results for Package AntWeb

Last updated on 2019-03-19 06:47:46 CET.

Flavor Version Tinstall Tcheck Ttotal Status Flags
r-devel-linux-x86_64-debian-clang 0.7 1.90 24.91 26.81 NOTE
r-devel-linux-x86_64-debian-gcc 0.7 2.22 20.28 22.50 NOTE
r-devel-linux-x86_64-fedora-clang 0.7 33.45 NOTE
r-devel-linux-x86_64-fedora-gcc 0.7 31.29 NOTE
r-devel-windows-ix86+x86_64 0.7 7.00 50.00 57.00 NOTE
r-patched-linux-x86_64 0.7 1.88 23.46 25.34 NOTE
r-patched-solaris-x86 0.7 47.50 NOTE
r-release-linux-x86_64 0.7 1.99 23.37 25.36 NOTE
r-release-windows-ix86+x86_64 0.7 4.00 39.00 43.00 NOTE
r-release-osx-x86_64 0.7 NOTE
r-oldrel-windows-ix86+x86_64 0.7 6.00 51.00 57.00 NOTE
r-oldrel-osx-x86_64 0.7 NOTE

Check Details

Version: 0.7
Check: R code for possible problems
Result: NOTE
    aw_map: no visible global function definition for 'browseURL'
    Undefined global functions or variables:
     browseURL
    Consider adding
     importFrom("utils", "browseURL")
    to your NAMESPACE file.
Flavors: r-devel-linux-x86_64-debian-clang, r-devel-linux-x86_64-debian-gcc, r-devel-linux-x86_64-fedora-clang, r-devel-linux-x86_64-fedora-gcc, r-devel-windows-ix86+x86_64, r-patched-linux-x86_64, r-patched-solaris-x86, r-release-linux-x86_64, r-release-windows-ix86+x86_64, r-release-osx-x86_64, r-oldrel-windows-ix86+x86_64, r-oldrel-osx-x86_64