CRAN Package Check Results for Package AnthropMMD

Last updated on 2020-08-10 03:48:15 CEST.

Flavor Version Tinstall Tcheck Ttotal Status Flags
r-devel-linux-x86_64-debian-clang 3.1.0 13.18 118.09 131.27 OK
r-devel-linux-x86_64-debian-gcc 3.1.0 11.89 88.50 100.39 OK
r-devel-linux-x86_64-fedora-clang 3.1.0 167.37 OK
r-devel-linux-x86_64-fedora-gcc 3.1.0 153.82 OK
r-devel-windows-ix86+x86_64 3.1.0 48.00 185.00 233.00 OK
r-patched-linux-x86_64 3.1.0 11.82 112.48 124.30 OK
r-patched-solaris-x86 3.1.0 228.20 OK
r-release-linux-x86_64 3.1.0 13.10 114.23 127.33 OK
r-release-macos-x86_64 3.1.0 OK
r-release-windows-ix86+x86_64 3.1.0 64.00 195.00 259.00 OK
r-oldrel-macos-x86_64 3.1.0 ERROR
r-oldrel-windows-ix86+x86_64 3.0.1 37.00 189.00 226.00 OK

Check Details

Version: 3.1.0
Check: whether package can be installed
Result: ERROR
    Installation failed.
Flavor: r-oldrel-macos-x86_64