CRAN Package Check Results for Package Anthropometry

Last updated on 2022-10-02 18:50:42 CEST.

Flavor Version Tinstall Tcheck Ttotal Status Flags
r-devel-linux-x86_64-debian-clang 1.17 16.09 142.72 158.81 NOTE
r-devel-linux-x86_64-debian-gcc 1.17 12.87 104.65 117.52 NOTE
r-devel-linux-x86_64-fedora-clang 1.17 218.55 NOTE
r-devel-linux-x86_64-fedora-gcc 1.17 198.60 NOTE
r-devel-windows-x86_64 1.17 99.00 210.00 309.00 OK
r-patched-linux-x86_64 1.17 22.60 136.96 159.56 NOTE
r-release-linux-x86_64 1.17 12.66 139.64 152.30 NOTE
r-release-macos-arm64 1.17 51.00 OK
r-release-macos-x86_64 1.17 92.00 OK
r-release-windows-x86_64 1.17 76.00 210.00 286.00 OK
r-oldrel-macos-arm64 1.17 58.00 OK
r-oldrel-macos-x86_64 1.17 72.00 OK
r-oldrel-windows-ix86+x86_64 1.17 35.00 221.00 256.00 OK

Check Details

Version: 1.17
Check: package dependencies
Result: NOTE
    Package suggested but not available for checking: 'SportsAnalytics'
Flavors: r-devel-linux-x86_64-debian-clang, r-devel-linux-x86_64-debian-gcc, r-devel-linux-x86_64-fedora-clang, r-devel-linux-x86_64-fedora-gcc, r-patched-linux-x86_64, r-release-linux-x86_64