CRAN Package Check Results for Package AntibodyTiters

Last updated on 2024-06-12 22:56:13 CEST.

Flavor Version Tinstall Tcheck Ttotal Status Flags
r-devel-linux-x86_64-debian-clang 0.1.24 11.94 105.02 116.96 OK
r-devel-linux-x86_64-debian-gcc 0.1.24 0.38 1.73 2.11 ERROR
r-devel-linux-x86_64-fedora-clang 0.1.24 146.60 OK
r-devel-linux-x86_64-fedora-gcc 0.1.24 137.21 OK
r-devel-windows-x86_64 0.1.24 11.00 92.00 103.00 OK
r-patched-linux-x86_64 0.1.24 11.84 98.80 110.64 OK
r-release-linux-x86_64 0.1.24 11.51 101.08 112.59 OK
r-release-macos-arm64 0.1.24 42.00 OK
r-release-macos-x86_64 0.1.24 62.00 OK
r-release-windows-x86_64 0.1.24 11.00 88.00 99.00 OK
r-oldrel-macos-arm64 0.1.24 44.00 OK
r-oldrel-macos-x86_64 0.1.24 69.00 OK
r-oldrel-windows-x86_64 0.1.24 15.00 101.00 116.00 OK

Check Details

Version: 0.1.24
Check: package dependencies
Result: ERROR Package required but not available: ‘DescTools’ See section ‘The DESCRIPTION file’ in the ‘Writing R Extensions’ manual. Flavor: r-devel-linux-x86_64-debian-gcc