Last updated on 2023-12-02 23:13:38 CET.
Flavor | Version | Tinstall | Tcheck | Ttotal | Status | Flags |
---|---|---|---|---|---|---|
r-devel-linux-x86_64-debian-clang | 0.3-1 | 8.48 | 74.94 | 83.42 | NOTE | |
r-devel-linux-x86_64-debian-gcc | 0.3-1 | 7.37 | 55.96 | 63.33 | NOTE | |
r-devel-linux-x86_64-fedora-clang | 0.3-1 | 102.01 | OK | |||
r-devel-linux-x86_64-fedora-gcc | 0.3-1 | 97.58 | OK | |||
r-devel-windows-x86_64 | 0.3-1 | 8.00 | 71.00 | 79.00 | OK | |
r-patched-linux-x86_64 | 0.3-1 | 8.79 | 71.77 | 80.56 | OK | |
r-release-linux-x86_64 | 0.3-1 | 6.88 | 70.77 | 77.65 | OK | |
r-release-macos-arm64 | 0.3-1 | 35.00 | OK | |||
r-release-macos-x86_64 | 0.3-1 | 54.00 | OK | |||
r-release-windows-x86_64 | 0.3-1 | 10.00 | 84.00 | 94.00 | OK | |
r-oldrel-macos-arm64 | 0.3-1 | 36.00 | OK | |||
r-oldrel-macos-x86_64 | 0.3-1 | 45.00 | OK | |||
r-oldrel-windows-x86_64 | 0.3-1 | 11.00 | 104.00 | 115.00 | OK |
Version: 0.3-1
Check: Rd files
Result: NOTE
checkRd: (-1) estimate_t0.Rd:41: Lost braces in \itemize; meant \describe ?
checkRd: (-1) estimate_t0.Rd:42: Lost braces in \itemize; meant \describe ?
checkRd: (-1) estimate_t0.Rd:43: Lost braces in \itemize; meant \describe ?
checkRd: (-1) fitArCo.Rd:73: Lost braces in \itemize; meant \describe ?
checkRd: (-1) fitArCo.Rd:74: Lost braces in \itemize; meant \describe ?
checkRd: (-1) fitArCo.Rd:75: Lost braces in \itemize; meant \describe ?
Flavors: r-devel-linux-x86_64-debian-clang, r-devel-linux-x86_64-debian-gcc