CRAN Package Check Results for Package ArchaeoChron

Last updated on 2020-04-09 21:47:51 CEST.

Flavor Version Tinstall Tcheck Ttotal Status Flags
r-devel-linux-x86_64-debian-clang 0.1 6.37 97.96 104.33 OK
r-devel-linux-x86_64-debian-gcc 0.1 6.52 75.41 81.93 OK
r-devel-linux-x86_64-fedora-clang 0.1 135.67 OK
r-devel-linux-x86_64-fedora-gcc 0.1 128.02 OK
r-devel-windows-ix86+x86_64 0.1 20.00 133.00 153.00 OK
r-devel-windows-ix86+x86_64-gcc8 0.1 21.00 112.00 133.00 OK
r-patched-linux-x86_64 0.1 7.85 96.47 104.32 OK
r-patched-osx-x86_64 0.1 WARN
r-patched-solaris-x86 0.1 274.80 OK
r-release-linux-x86_64 0.1 5.62 91.64 97.26 OK
r-release-windows-ix86+x86_64 0.1 20.00 192.00 212.00 OK
r-release-osx-x86_64 0.1 OK
r-oldrel-windows-ix86+x86_64 0.1 19.00 159.00 178.00 OK
r-oldrel-osx-x86_64 0.1 OK

Check Details

Version: 0.1
Check: re-building of vignette outputs
Result: WARN
    Error(s) in re-building vignettes:
    --- re-building ‘CombinationOfGaussianDates.Rmd’ using rmarkdown
    Loading required package: coda
    Loading required package: rjags
    Linked to JAGS 4.3.0
    Loaded modules: basemod,bugs
    Loading required package: ArchaeoPhases
    Loading required package: hdrcde
    This is hdrcde 3.3
    dyld: lazy symbol binding failed: Symbol not found: ____chkstk_darwin
     Referenced from: /usr/local/bin/pandoc (which was built for Mac OS X 10.15)
     Expected in: /usr/lib/libSystem.B.dylib
    
    dyld: Symbol not found: ____chkstk_darwin
     Referenced from: /usr/local/bin/pandoc (which was built for Mac OS X 10.15)
     Expected in: /usr/lib/libSystem.B.dylib
    
    Error: processing vignette 'CombinationOfGaussianDates.Rmd' failed with diagnostics:
    pandoc document conversion failed with error 6
    --- failed re-building ‘CombinationOfGaussianDates.Rmd’
    
    SUMMARY: processing the following file failed:
     ‘CombinationOfGaussianDates.Rmd’
    
    Error: Vignette re-building failed.
    Execution halted
Flavor: r-patched-osx-x86_64