CRAN Package Check Results for Package ArrayBin

Last updated on 2019-06-20 11:51:37 CEST.

Flavor Version Tinstall Tcheck Ttotal Status Flags
r-devel-linux-x86_64-debian-clang 0.2 8.69 69.45 78.14 NOTE
r-devel-linux-x86_64-debian-gcc 0.2 6.94 55.42 62.36 NOTE
r-devel-linux-x86_64-fedora-clang 0.2 91.76 NOTE
r-devel-linux-x86_64-fedora-gcc 0.2 87.88 NOTE
r-devel-windows-ix86+x86_64 0.2 18.00 79.00 97.00 NOTE
r-patched-linux-x86_64 0.2 7.31 68.31 75.62 NOTE
r-patched-solaris-x86 0.2 145.30 NOTE
r-release-linux-x86_64 0.2 8.29 68.91 77.20 NOTE
r-release-windows-ix86+x86_64 0.2 17.00 106.00 123.00 NOTE
r-release-osx-x86_64 0.2 ERROR
r-oldrel-windows-ix86+x86_64 0.2 10.00 69.00 79.00 NOTE
r-oldrel-osx-x86_64 0.2 NOTE

Check Details

Version: 0.2
Check: R code for possible problems
Result: NOTE
    binarize.array: no visible binding for global variable 'sd'
    mskmeans: no visible global function definition for 'kmeans'
    Undefined global functions or variables:
     kmeans sd
    Consider adding
     importFrom("stats", "kmeans", "sd")
    to your NAMESPACE file.
Flavors: r-devel-linux-x86_64-debian-clang, r-devel-linux-x86_64-debian-gcc, r-devel-linux-x86_64-fedora-clang, r-devel-linux-x86_64-fedora-gcc, r-devel-windows-ix86+x86_64, r-patched-linux-x86_64, r-patched-solaris-x86, r-release-linux-x86_64, r-release-windows-ix86+x86_64, r-oldrel-windows-ix86+x86_64, r-oldrel-osx-x86_64

Version: 0.2
Check: package dependencies
Result: ERROR
    Package required but not available: ‘SAGx’
    
    See section ‘The DESCRIPTION file’ in the ‘Writing R Extensions’
    manual.
Flavor: r-release-osx-x86_64