CRAN Package Check Results for Package AsioHeaders

Last updated on 2023-10-02 03:02:46 CEST.

Flavor Version Tinstall Tcheck Ttotal Status Flags
r-devel-linux-x86_64-debian-clang 1.22.1-2 2.76 17.20 19.96 OK
r-devel-linux-x86_64-debian-gcc 1.22.1-2 2.23 13.30 15.53 OK
r-devel-linux-x86_64-fedora-clang 1.22.1-2 24.43 NOTE
r-devel-linux-x86_64-fedora-gcc 1.22.1-2 23.73 OK
r-devel-windows-x86_64 1.22.1-2 5.00 40.00 45.00 NOTE
r-patched-linux-x86_64 1.22.1-2 2.80 16.22 19.02 OK
r-release-linux-x86_64 1.22.1-2 2.35 16.61 18.96 OK
r-release-macos-arm64 1.22.1-2 17.00 NOTE
r-release-macos-x86_64 1.22.1-2 20.00 NOTE
r-release-windows-x86_64 1.22.1-2 7.00 44.00 51.00 NOTE
r-oldrel-macos-arm64 1.22.1-2 15.00 NOTE
r-oldrel-macos-x86_64 1.22.1-2 21.00 NOTE
r-oldrel-windows-x86_64 1.22.1-2 122.00 60.00 182.00 NOTE

Check Details

Version: 1.22.1-2
Check: installed package size
Result: NOTE
     installed size is 6.6Mb
     sub-directories of 1Mb or more:
     include 6.5Mb
Flavors: r-devel-linux-x86_64-fedora-clang, r-devel-windows-x86_64, r-release-macos-arm64, r-release-macos-x86_64, r-release-windows-x86_64, r-oldrel-macos-arm64, r-oldrel-macos-x86_64, r-oldrel-windows-x86_64