CRAN Package Check Results for Package AsioHeaders

Last updated on 2021-09-23 15:50:36 CEST.

Flavor Version Tinstall Tcheck Ttotal Status Flags
r-devel-linux-x86_64-debian-clang 1.16.1-1 2.25 15.65 17.90 OK
r-devel-linux-x86_64-debian-gcc 1.16.1-1 1.75 12.34 14.09 OK
r-devel-linux-x86_64-fedora-clang 1.16.1-1 29.84 OK
r-devel-linux-x86_64-fedora-gcc 1.16.1-1 19.57 OK
r-devel-windows-x86_64 1.16.1-1 5.00 19.00 24.00 OK
r-devel-windows-x86_64-gcc10-UCRT 1.16.1-1 ERROR
r-patched-linux-x86_64 1.16.1-1 2.02 15.06 17.08 OK
r-patched-solaris-x86 1.16.1-1 33.60 OK
r-release-linux-x86_64 1.16.1-1 1.98 14.98 16.96 OK
r-release-macos-arm64 1.16.1-1 OK
r-release-macos-x86_64 1.16.1-1 OK
r-release-windows-ix86+x86_64 1.16.1-1 6.00 30.00 36.00 OK
r-oldrel-macos-x86_64 1.16.1-1 OK
r-oldrel-windows-ix86+x86_64 1.16.1-1 5.00 26.00 31.00 OK

Check Details

Version: 1.16.1-1
Check: PDF version of manual
Result: WARN
    LaTeX errors when creating PDF version.
    This typically indicates Rd problems.
Flavor: r-devel-windows-x86_64-gcc10-UCRT

Version: 1.16.1-1
Check: PDF version of manual without hyperrefs or index
Result: ERROR
    Re-running with no redirection of stdout/stderr.
Flavor: r-devel-windows-x86_64-gcc10-UCRT