CRAN Package Check Results for Package AssocTests

Last updated on 2019-06-25 11:50:08 CEST.

Flavor Version Tinstall Tcheck Ttotal Status Flags
r-devel-linux-x86_64-debian-clang 0.0-4 7.24 49.91 57.15 NOTE
r-devel-linux-x86_64-debian-gcc 0.0-4 5.31 39.91 45.22 NOTE
r-devel-linux-x86_64-fedora-clang 0.0-4 67.08 NOTE
r-devel-linux-x86_64-fedora-gcc 0.0-4 65.02 NOTE
r-devel-windows-ix86+x86_64 0.0-4 17.00 85.00 102.00 OK
r-patched-linux-x86_64 0.0-4 6.20 50.64 56.84 OK
r-patched-solaris-x86 0.0-4 103.70 OK
r-release-linux-x86_64 0.0-4 6.57 51.18 57.75 OK
r-release-windows-ix86+x86_64 0.0-4 12.00 65.00 77.00 OK
r-release-osx-x86_64 0.0-4 OK
r-oldrel-windows-ix86+x86_64 0.0-4 8.00 62.00 70.00 OK
r-oldrel-osx-x86_64 0.0-4 OK

Check Details

Version: 0.0-4
Check: for non-standard things in the check directory
Result: NOTE
    Found the following files/directories:
     'eigenstrat.result.list' 'eigenstrat.result.txt' 'eigenstratG.eg.txt'
     'pcoc.result.txt' 'pcocG.eg.txt'
Flavors: r-devel-linux-x86_64-debian-clang, r-devel-linux-x86_64-debian-gcc, r-devel-linux-x86_64-fedora-clang, r-devel-linux-x86_64-fedora-gcc