CRAN Package Check Results for Package AutoDeskR

Last updated on 2021-07-25 10:49:17 CEST.

Flavor Version Tinstall Tcheck Ttotal Status Flags
r-devel-linux-x86_64-debian-clang 0.1.3 4.15 37.36 41.51 NOTE
r-devel-linux-x86_64-debian-gcc 0.1.3 3.10 29.31 32.41 NOTE
r-devel-linux-x86_64-fedora-clang 0.1.3 58.79 NOTE
r-devel-linux-x86_64-fedora-gcc 0.1.3 48.21 NOTE
r-devel-windows-x86_64 0.1.3 5.00 45.00 50.00 NOTE
r-devel-windows-x86_64-gcc10-UCRT 0.1.3 NOTE
r-patched-linux-x86_64 0.1.3 4.14 36.12 40.26 NOTE
r-patched-solaris-x86 0.1.3 72.60 NOTE
r-release-linux-x86_64 0.1.3 3.90 36.96 40.86 NOTE
r-release-macos-arm64 0.1.3 NOTE
r-release-macos-x86_64 0.1.3 NOTE
r-release-windows-ix86+x86_64 0.1.3 11.00 46.00 57.00 NOTE
r-oldrel-macos-x86_64 0.1.3 OK
r-oldrel-windows-ix86+x86_64 0.1.3 11.00 58.00 69.00 OK

Check Details

Version: 0.1.3
Check: LazyData
Result: NOTE
     'LazyData' is specified without a 'data' directory
Flavors: r-devel-linux-x86_64-debian-clang, r-devel-linux-x86_64-debian-gcc, r-devel-linux-x86_64-fedora-clang, r-devel-linux-x86_64-fedora-gcc, r-devel-windows-x86_64, r-devel-windows-x86_64-gcc10-UCRT, r-patched-linux-x86_64, r-patched-solaris-x86, r-release-linux-x86_64, r-release-macos-arm64, r-release-macos-x86_64, r-release-windows-ix86+x86_64