CRAN Package Check Results for Package AutoDeskR

Last updated on 2021-10-28 21:50:09 CEST.

Flavor Version Tinstall Tcheck Ttotal Status Flags
r-devel-linux-x86_64-debian-clang 0.1.3 3.82 35.91 39.73 NOTE
r-devel-linux-x86_64-debian-gcc 0.1.3 3.46 28.40 31.86 NOTE
r-devel-linux-x86_64-fedora-clang 0.1.3 58.70 NOTE
r-devel-linux-x86_64-fedora-gcc 0.1.3 48.06 NOTE
r-devel-windows-x86_64 0.1.3 8.00 63.00 71.00 NOTE
r-devel-windows-x86_64-gcc10-UCRT 0.1.3 NOTE
r-patched-linux-x86_64 0.1.3 4.11 35.10 39.21 NOTE
r-patched-solaris-x86 0.1.3 72.40 NOTE
r-release-linux-x86_64 0.1.3 3.82 34.73 38.55 NOTE
r-release-macos-arm64 0.1.3 NOTE
r-release-macos-x86_64 0.1.3 NOTE
r-release-windows-ix86+x86_64 0.1.3 7.00 61.00 68.00 NOTE
r-oldrel-macos-x86_64 0.1.3 OK
r-oldrel-windows-ix86+x86_64 0.1.3 9.00 55.00 64.00 OK

Check Details

Version: 0.1.3
Check: LazyData
Result: NOTE
     'LazyData' is specified without a 'data' directory
Flavors: r-devel-linux-x86_64-debian-clang, r-devel-linux-x86_64-debian-gcc, r-devel-linux-x86_64-fedora-clang, r-devel-linux-x86_64-fedora-gcc, r-devel-windows-x86_64, r-devel-windows-x86_64-gcc10-UCRT, r-patched-linux-x86_64, r-patched-solaris-x86, r-release-linux-x86_64, r-release-macos-arm64, r-release-macos-x86_64, r-release-windows-ix86+x86_64