CRAN Package Check Results for Package AutoStepwiseGLM

Last updated on 2021-04-12 01:47:03 CEST.

Flavor Version Tinstall Tcheck Ttotal Status Flags
r-devel-linux-x86_64-debian-clang 0.2.0 13.69 119.05 132.74 NOTE
r-devel-linux-x86_64-debian-gcc 0.2.0 10.51 89.42 99.93 NOTE
r-devel-linux-x86_64-fedora-clang 0.2.0 162.83 NOTE
r-devel-linux-x86_64-fedora-gcc 0.2.0 147.77 NOTE
r-devel-windows-ix86+x86_64 0.2.0 35.00 139.00 174.00 NOTE
r-devel-windows-x86_64-gcc10-UCRT 0.2.0 NOTE
r-patched-linux-x86_64 0.2.0 14.27 109.81 124.08 OK
r-patched-solaris-x86 0.2.0 225.10 OK
r-release-linux-x86_64 0.2.0 14.18 108.43 122.61 OK
r-release-macos-x86_64 0.2.0 OK
r-release-windows-ix86+x86_64 0.2.0 32.00 135.00 167.00 OK
r-oldrel-macos-x86_64 0.2.0 OK
r-oldrel-windows-ix86+x86_64 0.2.0 21.00 98.00 119.00 OK

Check Details

Version: 0.2.0
Check: LazyData
Result: NOTE
     'LazyData' is specified without a 'data' directory
Flavors: r-devel-linux-x86_64-debian-clang, r-devel-linux-x86_64-debian-gcc, r-devel-linux-x86_64-fedora-clang, r-devel-linux-x86_64-fedora-gcc, r-devel-windows-ix86+x86_64, r-devel-windows-x86_64-gcc10-UCRT