CRAN Package Check Results for Package AutoStepwiseGLM

Last updated on 2022-12-07 23:25:26 CET.

Flavor Version Tinstall Tcheck Ttotal Status Flags
r-devel-linux-x86_64-debian-clang 0.2.0 18.71 137.32 156.03 NOTE
r-devel-linux-x86_64-debian-gcc 0.2.0 12.27 100.28 112.55 NOTE
r-devel-linux-x86_64-fedora-clang 0.2.0 204.27 NOTE
r-devel-linux-x86_64-fedora-gcc 0.2.0 189.82 NOTE
r-devel-windows-x86_64 0.2.0 24.00 151.00 175.00 NOTE
r-patched-linux-x86_64 0.2.0 13.44 128.16 141.60 NOTE
r-release-linux-x86_64 0.2.0 13.45 126.82 140.27 NOTE
r-release-macos-arm64 0.2.0 50.00 NOTE
r-release-macos-x86_64 0.2.0 84.00 NOTE
r-release-windows-x86_64 0.2.0 27.00 155.00 182.00 NOTE
r-oldrel-macos-arm64 0.2.0 55.00 NOTE
r-oldrel-macos-x86_64 0.2.0 95.00 NOTE
r-oldrel-windows-ix86+x86_64 0.2.0 38.00 150.00 188.00 NOTE

Check Details

Version: 0.2.0
Check: LazyData
Result: NOTE
     'LazyData' is specified without a 'data' directory
Flavors: r-devel-linux-x86_64-debian-clang, r-devel-linux-x86_64-debian-gcc, r-devel-linux-x86_64-fedora-clang, r-devel-linux-x86_64-fedora-gcc, r-devel-windows-x86_64, r-patched-linux-x86_64, r-release-linux-x86_64, r-release-macos-arm64, r-release-macos-x86_64, r-release-windows-x86_64, r-oldrel-macos-arm64, r-oldrel-macos-x86_64, r-oldrel-windows-ix86+x86_64