CRAN Package Check Results for Package AutoregressionMDE

Last updated on 2024-05-26 22:48:56 CEST.

Flavor Version Tinstall Tcheck Ttotal Status Flags
r-devel-linux-x86_64-debian-clang 1.0 1.45 21.24 22.69 NOTE
r-devel-linux-x86_64-debian-gcc 1.0 1.63 16.37 18.00 NOTE
r-devel-linux-x86_64-fedora-clang 1.0 29.39 NOTE
r-devel-linux-x86_64-fedora-gcc 1.0 27.90 NOTE
r-devel-windows-x86_64 1.0 2.00 36.00 38.00 NOTE
r-patched-linux-x86_64 1.0 1.99 20.68 22.67 NOTE
r-release-linux-x86_64 1.0 2.04 21.78 23.82 NOTE
r-release-macos-arm64 1.0 13.00 NOTE
r-release-windows-x86_64 1.0 4.00 34.00 38.00 NOTE
r-oldrel-macos-arm64 1.0 15.00 NOTE
r-oldrel-macos-x86_64 1.0 19.00 NOTE
r-oldrel-windows-x86_64 1.0 3.00 34.00 37.00 NOTE

Check Details

Version: 1.0
Check: LazyData
Result: NOTE 'LazyData' is specified without a 'data' directory Flavors: r-devel-linux-x86_64-debian-clang, r-devel-linux-x86_64-debian-gcc, r-devel-linux-x86_64-fedora-clang, r-devel-linux-x86_64-fedora-gcc, r-devel-windows-x86_64, r-patched-linux-x86_64, r-release-linux-x86_64, r-release-macos-arm64, r-release-windows-x86_64, r-oldrel-macos-arm64, r-oldrel-macos-x86_64, r-oldrel-windows-x86_64