CRAN Package Check Results for Package AutoregressionMDE

Last updated on 2021-10-16 22:52:45 CEST.

Flavor Version Tinstall Tcheck Ttotal Status Flags
r-devel-linux-x86_64-debian-clang 1.0 1.93 20.22 22.15 NOTE
r-devel-linux-x86_64-debian-gcc 1.0 1.44 16.09 17.53 NOTE
r-devel-linux-x86_64-fedora-clang 1.0 37.10 NOTE
r-devel-linux-x86_64-fedora-gcc 1.0 26.50 NOTE
r-devel-windows-x86_64 1.0 3.00 30.00 33.00 NOTE
r-devel-windows-x86_64-gcc10-UCRT 1.0 NOTE
r-patched-linux-x86_64 1.0 1.93 19.88 21.81 NOTE
r-patched-solaris-x86 1.0 41.80 NOTE
r-release-linux-x86_64 1.0 1.79 19.60 21.39 NOTE
r-release-macos-arm64 1.0 NOTE
r-release-macos-x86_64 1.0 NOTE
r-release-windows-ix86+x86_64 1.0 4.00 33.00 37.00 NOTE
r-oldrel-macos-x86_64 1.0 OK
r-oldrel-windows-ix86+x86_64 1.0 4.00 32.00 36.00 OK

Check Details

Version: 1.0
Check: LazyData
Result: NOTE
     'LazyData' is specified without a 'data' directory
Flavors: r-devel-linux-x86_64-debian-clang, r-devel-linux-x86_64-debian-gcc, r-devel-linux-x86_64-fedora-clang, r-devel-linux-x86_64-fedora-gcc, r-devel-windows-x86_64, r-devel-windows-x86_64-gcc10-UCRT, r-patched-linux-x86_64, r-patched-solaris-x86, r-release-linux-x86_64, r-release-macos-arm64, r-release-macos-x86_64, r-release-windows-ix86+x86_64