CRAN Package Check Results for Package AvInertia

Last updated on 2021-09-28 00:48:16 CEST.

Flavor Version Tinstall Tcheck Ttotal Status Flags
r-devel-linux-x86_64-debian-clang 0.0.1 4.23 137.37 141.60 OK
r-devel-linux-x86_64-debian-gcc 0.0.1 4.23 96.09 100.32 OK
r-devel-linux-x86_64-fedora-clang 0.0.1 167.50 NOTE
r-devel-linux-x86_64-fedora-gcc 0.0.1 158.07 NOTE
r-devel-windows-x86_64 0.0.1 6.00 116.00 122.00 OK
r-devel-windows-x86_64-gcc10-UCRT 0.0.1 NOTE
r-patched-linux-x86_64 0.0.1 5.24 127.09 132.33 OK
r-patched-solaris-x86 0.0.1 181.50 NOTE
r-release-linux-x86_64 0.0.1 4.11 129.75 133.86 OK
r-release-macos-arm64 0.0.1 NOTE
r-release-macos-x86_64 0.0.1 NOTE
r-release-windows-ix86+x86_64 0.0.1 10.00 161.00 171.00 OK
r-oldrel-macos-x86_64 0.0.1 NOTE
r-oldrel-windows-ix86+x86_64 0.0.1 7.00 126.00 133.00 OK

Check Details

Version: 0.0.1
Check: dependencies in R code
Result: NOTE
    Namespaces in Imports field not imported from:
     ‘readxl’ ‘reshape2’ ‘stringr’ ‘tidyr’
     All declared Imports should be used.
Flavors: r-devel-linux-x86_64-fedora-clang, r-devel-linux-x86_64-fedora-gcc, r-devel-windows-x86_64-gcc10-UCRT, r-patched-solaris-x86, r-release-macos-arm64, r-release-macos-x86_64, r-oldrel-macos-x86_64