CRAN Package Check Results for Package AzureStor

Last updated on 2019-08-24 06:47:14 CEST.

Flavor Version Tinstall Tcheck Ttotal Status Flags
r-devel-linux-x86_64-debian-clang 2.1.0 5.55 33.65 39.20 OK
r-devel-linux-x86_64-debian-gcc 2.1.0 4.99 27.03 32.02 OK
r-devel-linux-x86_64-fedora-clang 2.1.0 48.62 NOTE
r-devel-linux-x86_64-fedora-gcc 2.1.0 48.39 NOTE
r-devel-windows-ix86+x86_64 2.1.0 10.00 43.00 53.00 OK
r-patched-linux-x86_64 2.1.0 5.32 33.62 38.94 OK
r-patched-solaris-x86 2.1.0 67.20 NOTE
r-release-linux-x86_64 2.1.0 4.90 33.86 38.76 OK
r-release-windows-ix86+x86_64 2.1.0 11.00 56.00 67.00 OK
r-release-osx-x86_64 2.1.0 NOTE
r-oldrel-windows-ix86+x86_64 2.1.0 11.00 43.00 54.00 OK
r-oldrel-osx-x86_64 2.1.0 NOTE

Check Details

Version: 2.1.0
Check: dependencies in R code
Result: NOTE
    Namespace in Imports field not imported from: ‘R6’
     All declared Imports should be used.
Flavors: r-devel-linux-x86_64-fedora-clang, r-devel-linux-x86_64-fedora-gcc, r-patched-solaris-x86, r-release-osx-x86_64, r-oldrel-osx-x86_64