CRAN Package Check Results for Package AzureStor

Last updated on 2022-08-11 13:54:55 CEST.

Flavor Version Tinstall Tcheck Ttotal Status Flags
r-devel-linux-x86_64-debian-clang 3.7.0 6.11 47.38 53.49 OK
r-devel-linux-x86_64-debian-gcc 3.7.0 5.96 36.66 42.62 OK
r-devel-linux-x86_64-fedora-clang 3.7.0 78.54 NOTE
r-devel-linux-x86_64-fedora-gcc 3.7.0 75.84 NOTE
r-devel-windows-x86_64 3.7.0 75.00 83.00 158.00 OK
r-patched-linux-x86_64 3.7.0 11.06 45.60 56.66 OK
r-release-linux-x86_64 3.7.0 OK
r-release-macos-arm64 3.7.0 27.00 NOTE
r-release-macos-x86_64 3.7.0 33.00 NOTE
r-release-windows-x86_64 3.7.0 55.00 81.00 136.00 OK
r-oldrel-macos-arm64 3.7.0 28.00 NOTE
r-oldrel-macos-x86_64 3.7.0 36.00 NOTE
r-oldrel-windows-ix86+x86_64 3.7.0 13.00 68.00 81.00 OK

Check Details

Version: 3.7.0
Check: dependencies in R code
Result: NOTE
    Namespace in Imports field not imported from: ‘R6’
     All declared Imports should be used.
Flavors: r-devel-linux-x86_64-fedora-clang, r-devel-linux-x86_64-fedora-gcc, r-release-macos-arm64, r-release-macos-x86_64, r-oldrel-macos-arm64, r-oldrel-macos-x86_64