Last updated on 2023-09-27 11:02:26 CEST.
Flavor | Version | Tinstall | Tcheck | Ttotal | Status | Flags |
---|---|---|---|---|---|---|
r-devel-linux-x86_64-debian-clang | 2.2.2 | 6.64 | 40.32 | 46.96 | OK | |
r-devel-linux-x86_64-debian-gcc | 2.2.2 | 6.12 | 31.03 | 37.15 | OK | |
r-devel-linux-x86_64-fedora-clang | 2.2.2 | 63.48 | OK | |||
r-devel-linux-x86_64-fedora-gcc | 2.2.2 | 74.41 | OK | |||
r-devel-windows-x86_64 | 2.2.2 | 9.00 | 56.00 | 65.00 | OK | |
r-patched-linux-x86_64 | 2.2.2 | 8.54 | 39.36 | 47.90 | OK | |
r-release-linux-x86_64 | 2.2.2 | 7.19 | 39.62 | 46.81 | OK | |
r-release-macos-arm64 | 2.2.2 | 28.00 | OK | |||
r-release-macos-x86_64 | 2.2.2 | 43.00 | NOTE | |||
r-release-windows-x86_64 | 2.2.2 | 9.00 | 59.00 | 68.00 | OK | |
r-oldrel-macos-arm64 | 2.2.2 | 20.00 | OK | |||
r-oldrel-macos-x86_64 | 2.2.2 | 36.00 | OK | |||
r-oldrel-windows-x86_64 | 2.2.2 | 10.00 | 57.00 | 67.00 | OK |
Version: 2.2.2
Check: package dependencies
Result: NOTE
Package suggested but not available for checking: ‘AzureKeyVault’
Flavor: r-release-macos-x86_64